CRAN Package Check Results for Package MultiOrd

Last updated on 2024-07-18 06:57:29 CEST.

Flavor Version Tinstall Tcheck Ttotal Status Flags
r-devel-linux-x86_64-debian-clang 2.4.3 6.61 65.58 72.19 OK
r-devel-linux-x86_64-debian-gcc 2.4.3 5.16 49.73 54.89 OK
r-devel-linux-x86_64-fedora-clang 2.4.3 90.39 OK
r-devel-linux-x86_64-fedora-gcc 2.4.3 85.34 OK
r-devel-windows-x86_64 2.4.3 7.00 67.00 74.00 NOTE
r-patched-linux-x86_64 2.4.3 9.20 61.35 70.55 OK
r-release-linux-x86_64 2.4.3 7.61 62.71 70.32 OK
r-release-macos-arm64 2.4.3 29.00 OK
r-release-macos-x86_64 2.4.3 48.00 OK
r-release-windows-x86_64 2.4.3 7.00 67.00 74.00 OK
r-oldrel-macos-arm64 2.4.3 33.00 OK
r-oldrel-macos-x86_64 2.4.3 51.00 OK
r-oldrel-windows-x86_64 2.4.3 9.00 75.00 84.00 OK

Check Details

Version: 2.4.3
Check: Rd cross-references
Result: NOTE Found the following Rd file(s) with Rd \link{} targets missing package anchors: compute.sigma.star.Rd: phi2tetra, nearPD generate.binary.Rd: nearPD Please provide package anchors for all Rd \link{} targets not in the package itself and the base packages. Flavor: r-devel-windows-x86_64