Last updated on 2023-11-29 07:52:17 CET.
Flavor | Version | Tinstall | Tcheck | Ttotal | Status | Flags |
---|---|---|---|---|---|---|
r-devel-linux-x86_64-debian-clang | 0.1.0 | 24.83 | 184.94 | 209.77 | OK | |
r-devel-linux-x86_64-debian-gcc | 0.1.0 | 19.26 | 132.73 | 151.99 | OK | |
r-devel-linux-x86_64-fedora-clang | 0.1.0 | 251.07 | NOTE | |||
r-devel-linux-x86_64-fedora-gcc | 0.1.0 | 253.88 | OK | |||
r-devel-windows-x86_64 | 0.1.0 | 20.00 | 132.00 | 152.00 | OK | |
r-patched-linux-x86_64 | 0.1.0 | 22.51 | 168.72 | 191.23 | OK | |
r-release-linux-x86_64 | 0.1.0 | 16.51 | 169.82 | 186.33 | OK | |
r-release-macos-arm64 | 0.1.0 | 71.00 | OK | |||
r-release-macos-x86_64 | 0.1.0 | 120.00 | OK | |||
r-release-windows-x86_64 | 0.1.0 | 27.00 | 167.00 | 194.00 | OK | |
r-oldrel-macos-arm64 | 0.1.0 | 45.00 | OK | |||
r-oldrel-macos-x86_64 | 0.1.0 | 93.00 | OK | |||
r-oldrel-windows-x86_64 | 0.1.0 | 29.00 | 167.00 | 196.00 | OK |
Version: 0.1.0
Check: package dependencies
Result: NOTE
Imports includes 21 non-default packages.
Importing from so many packages makes the package vulnerable to any of
them becoming unavailable. Move as many as possible to Suggests and
use conditionally.
Flavor: r-devel-linux-x86_64-fedora-clang