CRAN Package Check Results for Package NADA2

Last updated on 2021-12-06 00:48:35 CET.

Flavor Version Tinstall Tcheck Ttotal Status Flags
r-devel-linux-x86_64-debian-clang 1.0.1 17.35 159.09 176.44 OK
r-devel-linux-x86_64-debian-gcc 1.0.1 14.00 119.21 133.21 OK
r-devel-linux-x86_64-fedora-clang 1.0.1 214.62 NOTE
r-devel-linux-x86_64-fedora-gcc 1.0.1 196.80 NOTE
r-devel-windows-x86_64-new-UL 1.0.1 34.00 200.00 234.00 OK
r-devel-windows-x86_64-new-TK 1.0.1 NOTE
r-devel-windows-x86_64-old 1.0.1 27.00 147.00 174.00 OK
r-patched-linux-x86_64 1.0.1 16.84 142.22 159.06 OK
r-release-linux-x86_64 1.0.1 15.38 150.24 165.62 OK
r-release-macos-arm64 1.0.1 NOTE
r-release-macos-x86_64 1.0.1 NOTE
r-release-windows-ix86+x86_64 1.0.1 34.00 182.00 216.00 OK
r-oldrel-macos-x86_64 1.0.1 NOTE
r-oldrel-windows-ix86+x86_64 1.0.1 40.00 183.00 223.00 OK

Check Details

Version: 1.0.1
Check: dependencies in R code
Result: NOTE
    Namespaces in Imports field not imported from:
     ‘Kendall’ ‘perm’
     All declared Imports should be used.
Flavors: r-devel-linux-x86_64-fedora-clang, r-devel-linux-x86_64-fedora-gcc, r-devel-windows-x86_64-new-TK, r-release-macos-arm64, r-release-macos-x86_64, r-oldrel-macos-x86_64