Last updated on 2023-05-28 07:57:36 CEST.
Flavor | Version | Tinstall | Tcheck | Ttotal | Status | Flags |
---|---|---|---|---|---|---|
r-devel-linux-x86_64-debian-clang | 0.4.2 | 36.68 | 502.14 | 538.82 | OK | |
r-devel-linux-x86_64-debian-gcc | 0.4.2 | 28.33 | 396.02 | 424.35 | OK | |
r-devel-linux-x86_64-fedora-clang | 0.4.2 | 685.19 | NOTE | |||
r-devel-linux-x86_64-fedora-gcc | 0.4.2 | 721.78 | NOTE | |||
r-devel-windows-x86_64 | 0.4.2 | 33.00 | 387.00 | 420.00 | OK | |
r-patched-linux-x86_64 | 0.4.2 | 41.83 | 492.94 | 534.77 | OK | |
r-release-linux-x86_64 | 0.4.2 | 31.85 | 482.95 | 514.80 | OK | |
r-release-macos-arm64 | 0.4.2 | 188.00 | OK | |||
r-release-macos-x86_64 | 0.4.2 | 273.00 | OK | |||
r-release-windows-x86_64 | 0.4.2 | 41.00 | 490.00 | 531.00 | OK | |
r-oldrel-macos-arm64 | 0.4.2 | 160.00 | NOTE | |||
r-oldrel-macos-x86_64 | 0.4.2 | 214.00 | NOTE | |||
r-oldrel-windows-x86_64 | 0.4.2 | 42.00 | 462.00 | 504.00 | OK |
Version: 0.4.2
Check: dependencies in R code
Result: NOTE
Namespaces in Imports field not imported from:
‘glmnet’ ‘mlr3learners’ ‘rpart’
All declared Imports should be used.
Flavors: r-devel-linux-x86_64-fedora-clang, r-devel-linux-x86_64-fedora-gcc, r-oldrel-macos-arm64, r-oldrel-macos-x86_64