CRAN Package Check Results for Package NADIA

Last updated on 2022-09-29 01:50:50 CEST.

Flavor Version Tinstall Tcheck Ttotal Status Flags
r-devel-linux-x86_64-debian-clang 0.4.1 38.97 541.34 580.31 NOTE
r-devel-linux-x86_64-debian-gcc 0.4.1 29.09 404.79 433.88 NOTE
r-devel-linux-x86_64-fedora-clang 0.4.1 662.43 NOTE
r-devel-linux-x86_64-fedora-gcc 0.4.1 674.14 NOTE
r-devel-windows-x86_64 0.4.1 83.00 815.00 898.00 NOTE
r-patched-linux-x86_64 0.4.1 44.92 489.63 534.55 NOTE
r-release-linux-x86_64 0.4.1 30.20 502.18 532.38 NOTE
r-release-macos-arm64 0.4.1 181.00 NOTE
r-release-macos-x86_64 0.4.1 312.00 NOTE
r-release-windows-x86_64 0.4.1 91.00 755.00 846.00 NOTE
r-oldrel-macos-arm64 0.4.1 196.00 NOTE
r-oldrel-macos-x86_64 0.4.1 285.00 NOTE
r-oldrel-windows-ix86+x86_64 0.4.1 69.00 558.00 627.00 NOTE

Check Details

Version: 0.4.1
Check: LazyData
Result: NOTE
     'LazyData' is specified without a 'data' directory
Flavors: r-devel-linux-x86_64-debian-clang, r-devel-linux-x86_64-debian-gcc, r-devel-linux-x86_64-fedora-clang, r-devel-linux-x86_64-fedora-gcc, r-devel-windows-x86_64, r-patched-linux-x86_64, r-release-linux-x86_64, r-release-macos-arm64, r-release-macos-x86_64, r-release-windows-x86_64, r-oldrel-macos-arm64, r-oldrel-macos-x86_64, r-oldrel-windows-ix86+x86_64

Version: 0.4.1
Check: HTML version of manual
Result: NOTE
    Found the following HTML validation problems:
    PipeOpAmelia.html:100:6: Warning: missing </span> before <p>
    PipeOpAmelia.html:100:95: Warning: inserting implicit <span>
    PipeOpAmelia.html:103:6: Warning: missing </span> before <p>
    PipeOpAmelia.html:103:93: Warning: inserting implicit <span>
    PipeOpAmelia.html:106:6: Warning: missing </span> before <p>
    PipeOpAmelia.html:106:93: Warning: inserting implicit <span>
    PipeOpHist_B.html:72:6: Warning: missing </span> before <p>
    PipeOpHist_B.html:72:95: Warning: inserting implicit <span>
    PipeOpHist_B.html:75:6: Warning: missing </span> before <p>
    PipeOpHist_B.html:75:93: Warning: inserting implicit <span>
    PipeOpHist_B.html:78:6: Warning: missing </span> before <p>
    PipeOpHist_B.html:78:93: Warning: inserting implicit <span>
    PipeOpMean_B.html:72:6: Warning: missing </span> before <p>
    PipeOpMean_B.html:72:95: Warning: inserting implicit <span>
    PipeOpMean_B.html:75:6: Warning: missing </span> before <p>
    PipeOpMean_B.html:75:93: Warning: inserting implicit <span>
    PipeOpMean_B.html:78:6: Warning: missing </span> before <p>
    PipeOpMean_B.html:78:93: Warning: inserting implicit <span>
    PipeOpMedian_B.html:72:6: Warning: missing </span> before <p>
    PipeOpMedian_B.html:72:95: Warning: inserting implicit <span>
    PipeOpMedian_B.html:75:6: Warning: missing </span> before <p>
    PipeOpMedian_B.html:75:93: Warning: inserting implicit <span>
    PipeOpMedian_B.html:78:6: Warning: missing </span> before <p>
    PipeOpMedian_B.html:78:93: Warning: inserting implicit <span>
    PipeOpMice.html:116:6: Warning: missing </span> before <p>
    PipeOpMice.html:116:95: Warning: inserting implicit <span>
    PipeOpMice.html:119:6: Warning: missing </span> before <p>
    PipeOpMice.html:119:93: Warning: inserting implicit <span>
    PipeOpMice.html:122:6: Warning: missing </span> before <p>
    PipeOpMice.html:122:93: Warning: inserting implicit <span>
    PipeOpMice_A.html:98:6: Warning: missing </span> before <p>
    PipeOpMice_A.html:98:95: Warning: inserting implicit <span>
    PipeOpMice_A.html:101:6: Warning: missing </span> before <p>
    PipeOpMice_A.html:101:93: Warning: inserting implicit <span>
    PipeOpMice_A.html:104:6: Warning: missing </span> before <p>
    PipeOpMice_A.html:104:93: Warning: inserting implicit <span>
    PipeOpMode_B.html:72:6: Warning: missing </span> before <p>
    PipeOpMode_B.html:72:95: Warning: inserting implicit <span>
    PipeOpMode_B.html:75:6: Warning: missing </span> before <p>
    PipeOpMode_B.html:75:93: Warning: inserting implicit <span>
    PipeOpMode_B.html:78:6: Warning: missing </span> before <p>
    PipeOpMode_B.html:78:93: Warning: inserting implicit <span>
    PipeOpOOR_B.html:72:6: Warning: missing </span> before <p>
    PipeOpOOR_B.html:72:95: Warning: inserting implicit <span>
    PipeOpOOR_B.html:75:6: Warning: missing </span> before <p>
    PipeOpOOR_B.html:75:93: Warning: inserting implicit <span>
    PipeOpOOR_B.html:78:6: Warning: missing </span> before <p>
    PipeOpOOR_B.html:78:93: Warning: inserting implicit <span>
    PipeOpSample_B.html:72:6: Warning: missing </span> before <p>
    PipeOpSample_B.html:72:95: Warning: inserting implicit <span>
    PipeOpSample_B.html:75:6: Warning: missing </span> before <p>
    PipeOpSample_B.html:75:93: Warning: inserting implicit <span>
    PipeOpSample_B.html:78:6: Warning: missing </span> before <p>
    PipeOpSample_B.html:78:93: Warning: inserting implicit <span>
    PipeOpSimulateMissings.html:83:6: Warning: missing </span> before <p>
    PipeOpSimulateMissings.html:83:95: Warning: inserting implicit <span>
    PipeOpSimulateMissings.html:86:6: Warning: missing </span> before <p>
    PipeOpSimulateMissings.html:86:93: Warning: inserting implicit <span>
    PipeOpSimulateMissings.html:89:6: Warning: missing </span> before <p>
    PipeOpSimulateMissings.html:89:93: Warning: inserting implicit <span>
    PipeOpSoftImpute.html:100:6: Warning: missing </span> before <p>
    PipeOpSoftImpute.html:100:95: Warning: inserting implicit <span>
    PipeOpSoftImpute.html:103:6: Warning: missing </span> before <p>
    PipeOpSoftImpute.html:103:93: Warning: inserting implicit <span>
    PipeOpSoftImpute.html:106:6: Warning: missing </span> before <p>
    PipeOpSoftImpute.html:106:93: Warning: inserting implicit <span>
    PipeOpVIM_HD.html:76:6: Warning: missing </span> before <p>
    PipeOpVIM_HD.html:76:95: Warning: inserting implicit <span>
    PipeOpVIM_HD.html:79:6: Warning: missing </span> before <p>
    PipeOpVIM_HD.html:79:93: Warning: inserting implicit <span>
    PipeOpVIM_HD.html:82:6: Warning: missing </span> before <p>
    PipeOpVIM_HD.html:82:93: Warning: inserting implicit <span>
    PipeOpVIM_IRMI.html:100:6: Warning: missing </span> before <p>
    PipeOpVIM_IRMI.html:100:95: Warning: inserting implicit <span>
    PipeOpVIM_IRMI.html:103:6: Warning: missing </span> before <p>
    PipeOpVIM_IRMI.html:103:93: Warning: inserting implicit <span>
    PipeOpVIM_IRMI.html:106:6: Warning: missing </span> before <p>
    PipeOpVIM_IRMI.html:106:93: Warning: inserting implicit <span>
    PipeOpVIM_kNN.html:88:6: Warning: missing </span> before <p>
    PipeOpVIM_kNN.html:88:95: Warning: inserting implicit <span>
    PipeOpVIM_kNN.html:91:6: Warning: missing </span> before <p>
    PipeOpVIM_kNN.html:91:93: Warning: inserting implicit <span>
    PipeOpVIM_kNN.html:94:6: Warning: missing </span> before <p>
    PipeOpVIM_kNN.html:94:93: Warning: inserting implicit <span>
    PipeOpVIM_regrImp.html:88:6: Warning: missing </span> before <p>
    PipeOpVIM_regrImp.html:88:95: Warning: inserting implicit <span>
    PipeOpVIM_regrImp.html:91:6: Warning: missing </span> before <p>
    PipeOpVIM_regrImp.html:91:93: Warning: inserting implicit <span>
    PipeOpVIM_regrImp.html:94:6: Warning: missing </span> before <p>
    PipeOpVIM_regrImp.html:94:93: Warning: inserting implicit <span>
    PipeOpmissForest.html:112:6: Warning: missing </span> before <p>
    PipeOpmissForest.html:112:95: Warning: inserting implicit <span>
    PipeOpmissForest.html:115:6: Warning: missing </span> before <p>
    PipeOpmissForest.html:115:93: Warning: inserting implicit <span>
    PipeOpmissForest.html:118:6: Warning: missing </span> before <p>
    PipeOpmissForest.html:118:93: Warning: inserting implicit <span>
    PipeOpmissMDA_MFA.html:100:6: Warning: missing </span> before <p>
    PipeOpmissMDA_MFA.html:100:95: Warning: inserting implicit <span>
    PipeOpmissMDA_MFA.html:103:6: Warning: missing </span> before <p>
    PipeOpmissMDA_MFA.html:103:93: Warning: inserting implicit <span>
    PipeOpmissMDA_MFA.html:106:6: Warning: missing </span> before <p>
    PipeOpmissMDA_MFA.html:106:93: Warning: inserting implicit <span>
    PipeOpmissMDA_MFA_A.html:96:6: Warning: missing </span> before <p>
    PipeOpmissMDA_MFA_A.html:96:95: Warning: inserting implicit <span>
    PipeOpmissMDA_MFA_A.html:99:6: Warning: missing </span> before <p>
    PipeOpmissMDA_MFA_A.html:99:93: Warning: inserting implicit <span>
    PipeOpmissMDA_MFA_A.html:102:6: Warning: missing </span> before <p>
    PipeOpmissMDA_MFA_A.html:102:93: Warning: inserting implicit <span>
    PipeOpmissMDA_PCA_MCA_FMAD.html:108:6: Warning: missing </span> before <p>
    PipeOpmissMDA_PCA_MCA_FMAD.html:108:95: Warning: inserting implicit <span>
    PipeOpmissMDA_PCA_MCA_FMAD.html:111:6: Warning: missing </span> before <p>
    PipeOpmissMDA_PCA_MCA_FMAD.html:111:93: Warning: inserting implicit <span>
    PipeOpmissMDA_PCA_MCA_FMAD.html:114:6: Warning: missing </span> before <p>
    PipeOpmissMDA_PCA_MCA_FMAD.html:114:93: Warning: inserting implicit <span>
    PipeOpmissMDA_PCA_MCA_FMAD_A.html:108:6: Warning: missing </span> before <p>
    PipeOpmissMDA_PCA_MCA_FMAD_A.html:108:95: Warning: inserting implicit <span>
    PipeOpmissMDA_PCA_MCA_FMAD_A.html:111:6: Warning: missing </span> before <p>
    PipeOpmissMDA_PCA_MCA_FMAD_A.html:111:93: Warning: inserting implicit <span>
    PipeOpmissMDA_PCA_MCA_FMAD_A.html:114:6: Warning: missing </span> before <p>
    PipeOpmissMDA_PCA_MCA_FMAD_A.html:114:93: Warning: inserting implicit <span>
    PipeOpmissRanger.html:100:6: Warning: missing </span> before <p>
    PipeOpmissRanger.html:100:95: Warning: inserting implicit <span>
    PipeOpmissRanger.html:103:6: Warning: missing </span> before <p>
    PipeOpmissRanger.html:103:93: Warning: inserting implicit <span>
    PipeOpmissRanger.html:106:6: Warning: missing </span> before <p>
    PipeOpmissRanger.html:106:93: Warning: inserting implicit <span>
Flavors: r-devel-linux-x86_64-debian-clang, r-devel-linux-x86_64-debian-gcc, r-devel-linux-x86_64-fedora-clang, r-devel-linux-x86_64-fedora-gcc, r-devel-windows-x86_64

Version: 0.4.1
Check: dependencies in R code
Result: NOTE
    Namespaces in Imports field not imported from:
     ‘glmnet’ ‘mlr3learners’
     All declared Imports should be used.
Flavors: r-devel-linux-x86_64-fedora-clang, r-devel-linux-x86_64-fedora-gcc, r-release-macos-arm64, r-release-macos-x86_64, r-oldrel-macos-arm64, r-oldrel-macos-x86_64