CRAN Package Check Results for Package NBBttest

Last updated on 2021-05-07 01:48:48 CEST.

Flavor Version Tinstall Tcheck Ttotal Status Flags
r-devel-linux-x86_64-debian-clang 1.0.0 6.21 86.23 92.44 OK
r-devel-linux-x86_64-debian-gcc 1.0.0 4.64 63.80 68.44 OK
r-devel-linux-x86_64-fedora-clang 1.0.0 130.34 NOTE
r-devel-linux-x86_64-fedora-gcc 1.0.0 118.27 NOTE
r-devel-windows-ix86+x86_64 1.0.0 8.00 98.00 106.00 OK
r-devel-windows-x86_64-gcc10-UCRT 1.0.0 NOTE
r-patched-linux-x86_64 1.0.0 6.81 82.51 89.32 OK
r-patched-solaris-x86 1.0.0 137.80 NOTE
r-release-linux-x86_64 1.0.0 5.69 81.87 87.56 OK
r-release-macos-x86_64 1.0.0 NOTE
r-release-windows-ix86+x86_64 1.0.0 7.00 72.00 79.00 OK
r-oldrel-macos-x86_64 1.0.0 NOTE
r-oldrel-windows-ix86+x86_64 1.0.0 8.00 76.00 84.00 OK

Check Details

Version: 1.0.0
Check: package dependencies
Result: NOTE
    Package suggested but not available for checking: ‘DEXSeq’
Flavors: r-devel-linux-x86_64-fedora-clang, r-devel-linux-x86_64-fedora-gcc, r-devel-windows-x86_64-gcc10-UCRT, r-patched-solaris-x86, r-release-macos-x86_64, r-oldrel-macos-x86_64

Version: 1.0.0
Check: Rd cross-references
Result: NOTE
    Package unavailable to check Rd xrefs: ‘DEXSeq’
Flavors: r-devel-linux-x86_64-fedora-clang, r-devel-linux-x86_64-fedora-gcc, r-devel-windows-x86_64-gcc10-UCRT, r-patched-solaris-x86, r-release-macos-x86_64, r-oldrel-macos-x86_64