CRAN Package Check Results for Package NBShiny2

Last updated on 2020-09-22 02:17:26 CEST.

Flavor Version Tinstall Tcheck Ttotal Status Flags
r-devel-linux-x86_64-debian-clang 0.1.0 2.02 18.06 20.08 OK
r-devel-linux-x86_64-debian-gcc 0.1.0 1.68 14.30 15.98 OK
r-devel-linux-x86_64-fedora-clang 0.1.0 33.72 NOTE
r-devel-linux-x86_64-fedora-gcc 0.1.0 24.24 NOTE
r-devel-windows-ix86+x86_64 0.1.0 6.00 35.00 41.00 OK
r-patched-linux-x86_64 0.1.0 1.89 17.89 19.78 OK
r-patched-solaris-x86 0.1.0 38.30 NOTE
r-release-linux-x86_64 0.1.0 2.05 17.80 19.85 OK
r-release-macos-x86_64 0.1.0 NOTE
r-release-windows-ix86+x86_64 0.1.0 7.00 36.00 43.00 OK
r-oldrel-macos-x86_64 0.1.0 NOTE
r-oldrel-windows-ix86+x86_64 0.1.0 4.00 33.00 37.00 OK

Check Details

Version: 0.1.0
Check: dependencies in R code
Result: NOTE
    Namespaces in Imports field not imported from:
     ‘caret’ ‘datasets’ ‘dplyr’ ‘e1071’ ‘rhandsontable’ ‘shiny’
     All declared Imports should be used.
Flavors: r-devel-linux-x86_64-fedora-clang, r-devel-linux-x86_64-fedora-gcc, r-patched-solaris-x86, r-release-macos-x86_64, r-oldrel-macos-x86_64