CRAN Package Check Results for Package NHSDataDictionaRy

Last updated on 2022-06-26 01:48:55 CEST.

Flavor Version Tinstall Tcheck Ttotal Status Flags
r-devel-linux-x86_64-debian-clang 1.2.5 6.19 62.06 68.25 OK
r-devel-linux-x86_64-debian-gcc 1.2.5 4.07 46.43 50.50 OK
r-devel-linux-x86_64-fedora-clang 1.2.5 94.36 NOTE
r-devel-linux-x86_64-fedora-gcc 1.2.5 87.15 NOTE
r-devel-windows-x86_64 1.2.5 41.00 93.00 134.00 OK
r-patched-linux-x86_64 1.2.5 5.49 58.23 63.72 OK
r-release-linux-x86_64 1.2.5 4.17 57.67 61.84 OK
r-release-macos-arm64 1.2.5 55.00 NOTE
r-release-macos-x86_64 1.2.5 72.00 NOTE
r-release-windows-x86_64 1.2.5 55.00 94.00 149.00 OK
r-oldrel-macos-arm64 1.2.5 47.00 NOTE
r-oldrel-macos-x86_64 1.2.5 51.00 NOTE
r-oldrel-windows-ix86+x86_64 1.2.5 14.00 261.00 275.00 OK

Check Details

Version: 1.2.5
Check: dependencies in R code
Result: NOTE
    Namespace in Imports field not imported from: ‘tibble’
     All declared Imports should be used.
Flavors: r-devel-linux-x86_64-fedora-clang, r-devel-linux-x86_64-fedora-gcc, r-release-macos-arm64, r-release-macos-x86_64, r-oldrel-macos-arm64, r-oldrel-macos-x86_64