Last updated on 2022-06-27 01:49:57 CEST.
Flavor | Version | Tinstall | Tcheck | Ttotal | Status | Flags |
---|---|---|---|---|---|---|
r-devel-linux-x86_64-debian-clang | 0.2.1 | 27.60 | 345.04 | 372.64 | OK | |
r-devel-linux-x86_64-debian-gcc | 0.2.1 | 21.33 | 254.79 | 276.12 | OK | |
r-devel-linux-x86_64-fedora-clang | 0.2.1 | 437.70 | NOTE | |||
r-devel-linux-x86_64-fedora-gcc | 0.2.1 | 438.64 | NOTE | |||
r-devel-windows-x86_64 | 0.2.1 | 33.00 | 362.00 | 395.00 | NOTE | |
r-patched-linux-x86_64 | 0.2.1 | 31.00 | 328.78 | 359.78 | OK | |
r-release-linux-x86_64 | 0.2.1 | 22.36 | 326.22 | 348.58 | OK | |
r-release-macos-arm64 | 0.2.1 | 130.00 | NOTE | |||
r-release-macos-x86_64 | 0.2.1 | 220.00 | NOTE | |||
r-release-windows-x86_64 | 0.2.1 | 43.00 | 353.00 | 396.00 | NOTE | |
r-oldrel-macos-arm64 | 0.2.1 | 86.00 | NOTE | |||
r-oldrel-macos-x86_64 | 0.2.1 | 167.00 | NOTE | |||
r-oldrel-windows-ix86+x86_64 | 0.2.1 | 57.00 | 368.00 | 425.00 | NOTE |
Version: 0.2.1
Check: installed package size
Result: NOTE
installed size is 5.2Mb
sub-directories of 1Mb or more:
doc 4.0Mb
Flavors: r-devel-linux-x86_64-fedora-clang, r-devel-windows-x86_64, r-release-macos-arm64, r-release-macos-x86_64, r-release-windows-x86_64, r-oldrel-macos-arm64, r-oldrel-macos-x86_64, r-oldrel-windows-ix86+x86_64
Version: 0.2.1
Check: data for non-ASCII characters
Result: NOTE
Note: found 24 marked UTF-8 strings
Flavors: r-devel-linux-x86_64-fedora-clang, r-devel-linux-x86_64-fedora-gcc, r-release-macos-arm64, r-release-macos-x86_64, r-oldrel-macos-arm64, r-oldrel-macos-x86_64