CRAN Package Check Results for Package NIMAA

Last updated on 2022-01-28 00:49:02 CET.

Flavor Version Tinstall Tcheck Ttotal Status Flags
r-devel-linux-x86_64-debian-clang 0.1.0 23.42 318.56 341.98 OK
r-devel-linux-x86_64-debian-gcc 0.1.0 20.69 239.18 259.87 OK
r-devel-linux-x86_64-fedora-clang 0.1.0 390.76 NOTE
r-devel-linux-x86_64-fedora-gcc 0.1.0 401.06 NOTE
r-devel-windows-x86_64-new-UL 0.1.0 40.00 334.00 374.00 OK
r-devel-windows-x86_64-new-TK 0.1.0 ERROR
r-patched-linux-x86_64 0.1.0 27.46 293.70 321.16 OK
r-release-linux-x86_64 0.1.0 19.53 291.75 311.28 OK
r-release-macos-arm64 0.1.0 NOTE
r-release-macos-x86_64 0.1.0 NOTE
r-release-windows-ix86+x86_64 0.1.0 51.00 348.00 399.00 OK
r-oldrel-macos-x86_64 0.1.0 NOTE
r-oldrel-windows-ix86+x86_64 0.1.0 53.00 351.00 404.00 OK

Check Details

Version: 0.1.0
Check: data for non-ASCII characters
Result: NOTE
     Note: found 24 marked UTF-8 strings
Flavors: r-devel-linux-x86_64-fedora-clang, r-devel-linux-x86_64-fedora-gcc, r-release-macos-arm64, r-release-macos-x86_64, r-oldrel-macos-x86_64

Version: 0.1.0
Check: package dependencies
Result: ERROR
    Package required but not available: 'missMDA'
    
    See section 'The DESCRIPTION file' in the 'Writing R Extensions'
    manual.
Flavor: r-devel-windows-x86_64-new-TK