Last updated on 2023-06-07 06:57:53 CEST.
Flavor | Version | Tinstall | Tcheck | Ttotal | Status | Flags |
---|---|---|---|---|---|---|
r-devel-linux-x86_64-debian-clang | 1.0.1 | 15.84 | 130.96 | 146.80 | NOTE | |
r-devel-linux-x86_64-debian-gcc | 1.0.1 | 11.64 | 102.66 | 114.30 | NOTE | |
r-devel-linux-x86_64-fedora-clang | 1.0.1 | 182.97 | NOTE | |||
r-devel-linux-x86_64-fedora-gcc | 1.0.1 | 176.59 | NOTE | |||
r-devel-windows-x86_64 | 1.0.1 | 17.00 | 281.00 | 298.00 | NOTE | |
r-patched-linux-x86_64 | 1.0.1 | 29.03 | 128.21 | 157.24 | NOTE | |
r-release-linux-x86_64 | 1.0.1 | 15.36 | 126.39 | 141.75 | NOTE | |
r-release-macos-arm64 | 1.0.1 | 49.00 | NOTE | |||
r-release-macos-x86_64 | 1.0.1 | 95.00 | NOTE | |||
r-release-windows-x86_64 | 1.0.1 | 17.00 | 334.00 | 351.00 | NOTE | |
r-oldrel-macos-arm64 | 1.0.1 | 49.00 | NOTE | |||
r-oldrel-macos-x86_64 | 1.0.1 | 70.00 | NOTE | |||
r-oldrel-windows-x86_64 | 1.0.1 | 127.00 | 196.00 | 323.00 | NOTE |
Version: 1.0.1
Check: DESCRIPTION meta-information
Result: NOTE
Malformed Description field: should contain one or more complete sentences.
Flavors: r-devel-linux-x86_64-debian-clang, r-devel-linux-x86_64-debian-gcc, r-devel-linux-x86_64-fedora-clang, r-devel-linux-x86_64-fedora-gcc, r-devel-windows-x86_64, r-patched-linux-x86_64, r-release-linux-x86_64, r-release-macos-arm64, r-release-macos-x86_64, r-release-windows-x86_64, r-oldrel-macos-arm64, r-oldrel-macos-x86_64, r-oldrel-windows-x86_64
Version: 1.0.1
Check: data for non-ASCII characters
Result: NOTE
Note: found 170 marked UTF-8 strings
Flavors: r-devel-linux-x86_64-fedora-clang, r-devel-linux-x86_64-fedora-gcc, r-oldrel-macos-x86_64