Last updated on 2023-06-07 06:57:54 CEST.
Flavor | Version | Tinstall | Tcheck | Ttotal | Status | Flags |
---|---|---|---|---|---|---|
r-devel-linux-x86_64-debian-clang | 3.1.1 | 81.25 | 134.63 | 215.88 | NOTE | |
r-devel-linux-x86_64-debian-gcc | 3.1.1 | 70.21 | 100.67 | 170.88 | NOTE | |
r-devel-linux-x86_64-fedora-clang | 3.1.1 | 305.20 | NOTE | |||
r-devel-linux-x86_64-fedora-gcc | 3.1.1 | 299.66 | NOTE | |||
r-devel-windows-x86_64 | 3.1.1 | 66.00 | 131.00 | 197.00 | NOTE | |
r-patched-linux-x86_64 | 3.1.1 | 82.10 | 128.69 | 210.79 | NOTE | |
r-release-linux-x86_64 | 3.1.1 | 71.49 | 129.05 | 200.54 | NOTE | |
r-release-macos-arm64 | 3.1.1 | 81.00 | NOTE | |||
r-release-macos-x86_64 | 3.1.1 | 130.00 | NOTE | |||
r-release-windows-x86_64 | 3.1.1 | 87.00 | 159.00 | 246.00 | NOTE | |
r-oldrel-macos-arm64 | 3.1.1 | 122.00 | OK | |||
r-oldrel-macos-x86_64 | 3.1.1 | 164.00 | OK | |||
r-oldrel-windows-x86_64 | 3.1.1 | 83.00 | 152.00 | 235.00 | OK |
Version: 3.1.1
Check: C++ specification
Result: NOTE
Specified C++11: please drop specification unless essential
Flavors: r-devel-linux-x86_64-debian-clang, r-devel-linux-x86_64-debian-gcc, r-devel-linux-x86_64-fedora-clang, r-devel-linux-x86_64-fedora-gcc, r-devel-windows-x86_64, r-patched-linux-x86_64, r-release-linux-x86_64, r-release-macos-arm64, r-release-macos-x86_64, r-release-windows-x86_64