CRAN Package Check Results for Package NPflow

Last updated on 2020-07-03 01:49:08 CEST.

Flavor Version Tinstall Tcheck Ttotal Status Flags
r-devel-linux-x86_64-debian-clang 0.13.3 279.62 113.26 392.88 OK
r-devel-linux-x86_64-debian-gcc 0.13.3 209.70 83.85 293.55 OK
r-devel-linux-x86_64-fedora-clang 0.13.3 536.10 NOTE
r-devel-linux-x86_64-fedora-gcc 0.13.3 503.70 OK
r-devel-windows-ix86+x86_64 0.13.3 709.00 247.00 956.00 OK
r-patched-linux-x86_64 0.13.3 224.12 108.93 333.05 OK
r-patched-solaris-x86 0.13.3 422.40 OK
r-release-linux-x86_64 0.13.3 216.04 108.90 324.94 OK
r-release-osx-x86_64 0.13.3 NOTE
r-release-windows-ix86+x86_64 0.13.3 530.00 193.00 723.00 OK
r-oldrel-osx-x86_64 0.13.3 NOTE
r-oldrel-windows-ix86+x86_64 0.13.3 512.00 250.00 762.00 OK

Check Details

Version: 0.13.3
Check: installed package size
Result: NOTE
     installed size is 10.1Mb
     sub-directories of 1Mb or more:
     libs 9.4Mb
Flavors: r-devel-linux-x86_64-fedora-clang, r-release-osx-x86_64, r-oldrel-osx-x86_64