CRAN Package Check Results for Package NTS

Last updated on 2020-11-26 00:48:16 CET.

Flavor Version Tinstall Tcheck Ttotal Status Flags
r-devel-linux-x86_64-debian-clang 1.1.2 14.01 86.36 100.37 OK
r-devel-linux-x86_64-debian-gcc 1.1.2 8.90 65.45 74.35 OK
r-devel-linux-x86_64-fedora-clang 1.1.2 123.67 NOTE
r-devel-linux-x86_64-fedora-gcc 1.1.2 124.33 NOTE
r-devel-windows-ix86+x86_64 1.1.2 19.00 95.00 114.00 OK
r-patched-linux-x86_64 1.1.2 9.43 82.26 91.69 OK
r-patched-solaris-x86 1.1.2 173.20 NOTE
r-release-linux-x86_64 1.1.2 12.89 82.07 94.96 OK
r-release-macos-x86_64 1.1.2 NOTE
r-release-windows-ix86+x86_64 1.1.2 20.00 112.00 132.00 OK
r-oldrel-macos-x86_64 1.1.2 NOTE
r-oldrel-windows-ix86+x86_64 1.1.2 13.00 76.00 89.00 OK

Check Details

Version: 1.1.2
Check: dependencies in R code
Result: NOTE
    Namespaces in Imports field not imported from:
     ‘MASS’ ‘Rdpack’ ‘base’ ‘graphics’ ‘parallel’
     All declared Imports should be used.
Flavors: r-devel-linux-x86_64-fedora-clang, r-devel-linux-x86_64-fedora-gcc, r-patched-solaris-x86, r-release-macos-x86_64, r-oldrel-macos-x86_64