CRAN Package Check Results for Package NTS

Last updated on 2020-09-21 02:49:30 CEST.

Flavor Version Tinstall Tcheck Ttotal Status Flags
r-devel-linux-x86_64-debian-clang 1.1.2 12.88 83.42 96.30 OK
r-devel-linux-x86_64-debian-gcc 1.1.2 8.38 62.01 70.39 OK
r-devel-linux-x86_64-fedora-clang 1.1.2 142.39 WARN
r-devel-linux-x86_64-fedora-gcc 1.1.2 115.15 NOTE
r-devel-windows-ix86+x86_64 1.1.2 19.00 112.00 131.00 OK
r-patched-linux-x86_64 1.1.2 10.28 83.39 93.67 OK
r-patched-solaris-x86 1.1.2 172.00 NOTE
r-release-linux-x86_64 1.1.2 9.93 83.07 93.00 OK
r-release-macos-x86_64 1.1.2 NOTE
r-release-windows-ix86+x86_64 1.1.2 19.00 112.00 131.00 OK
r-oldrel-macos-x86_64 1.1.2 NOTE
r-oldrel-windows-ix86+x86_64 1.1.2 10.00 93.00 103.00 OK

Check Details

Version: 1.1.2
Check: package dependencies
Result: WARN
    Requires (indirectly) orphaned package: ‘bibtex’
Flavor: r-devel-linux-x86_64-fedora-clang

Version: 1.1.2
Check: dependencies in R code
Result: NOTE
    Namespaces in Imports field not imported from:
     ‘MASS’ ‘Rdpack’ ‘base’ ‘graphics’ ‘parallel’
     All declared Imports should be used.
Flavors: r-devel-linux-x86_64-fedora-clang, r-devel-linux-x86_64-fedora-gcc, r-patched-solaris-x86, r-release-macos-x86_64, r-oldrel-macos-x86_64