CRAN Package Check Results for Package NetLogoR

Last updated on 2021-09-26 01:49:59 CEST.

Flavor Version Tinstall Tcheck Ttotal Status Flags
r-devel-linux-x86_64-debian-clang 0.3.8 37.75 274.57 312.32 NOTE
r-devel-linux-x86_64-debian-gcc 0.3.8 29.32 204.52 233.84 NOTE
r-devel-linux-x86_64-fedora-clang 0.3.8 401.60 NOTE
r-devel-linux-x86_64-fedora-gcc 0.3.8 373.00 NOTE
r-devel-windows-x86_64 0.3.8 39.00 272.00 311.00 NOTE
r-devel-windows-x86_64-gcc10-UCRT 0.3.8 NOTE
r-patched-linux-x86_64 0.3.8 40.83 257.75 298.58 NOTE
r-patched-solaris-x86 0.3.8 528.00 NOTE
r-release-linux-x86_64 0.3.8 35.50 256.19 291.69 NOTE
r-release-macos-arm64 0.3.8 NOTE
r-release-macos-x86_64 0.3.8 NOTE
r-release-windows-ix86+x86_64 0.3.8 75.00 349.00 424.00 NOTE
r-oldrel-macos-x86_64 0.3.8 NOTE
r-oldrel-windows-ix86+x86_64 0.3.8 49.00 274.00 323.00 NOTE

Additional issues

M1mac M1mac

Check Details

Version: 0.3.8
Check: package dependencies
Result: NOTE
    Package suggested but not available for checking: 'fastshp'
Flavors: r-devel-linux-x86_64-debian-clang, r-devel-linux-x86_64-debian-gcc, r-devel-linux-x86_64-fedora-clang, r-devel-linux-x86_64-fedora-gcc, r-devel-windows-x86_64, r-devel-windows-x86_64-gcc10-UCRT, r-patched-linux-x86_64, r-patched-solaris-x86, r-release-linux-x86_64, r-release-macos-arm64, r-release-macos-x86_64, r-release-windows-ix86+x86_64, r-oldrel-macos-x86_64, r-oldrel-windows-ix86+x86_64