CRAN Package Check Results for Package NetMix

Last updated on 2020-09-28 01:49:04 CEST.

Flavor Version Tinstall Tcheck Ttotal Status Flags
r-devel-linux-x86_64-debian-clang 0.1.5 79.25 100.23 179.48 OK
r-devel-linux-x86_64-debian-gcc 0.1.5 55.13 75.29 130.42 OK
r-devel-linux-x86_64-fedora-clang 0.1.5 236.01 NOTE
r-devel-linux-x86_64-fedora-gcc 0.1.5 224.25 NOTE
r-devel-windows-ix86+x86_64 0.1.5 185.00 221.00 406.00 OK
r-patched-linux-x86_64 0.1.5 58.99 95.90 154.89 OK
r-patched-solaris-x86 0.1.5 264.50 NOTE
r-release-linux-x86_64 0.1.5 56.66 96.12 152.78 OK
r-release-macos-x86_64 0.1.5 NOTE
r-release-windows-ix86+x86_64 0.1.5 184.00 225.00 409.00 OK
r-oldrel-macos-x86_64 0.1.5 NOTE
r-oldrel-windows-ix86+x86_64 0.1.5 164.00 226.00 390.00 OK

Check Details

Version: 0.1.5
Check: dependencies in R code
Result: NOTE
    Namespace in Imports field not imported from: ‘clue’
     All declared Imports should be used.
Flavors: r-devel-linux-x86_64-fedora-clang, r-devel-linux-x86_64-fedora-gcc, r-patched-solaris-x86, r-release-macos-x86_64, r-oldrel-macos-x86_64