Last updated on 2021-01-20 00:48:25 CET.
Flavor | Version | Tinstall | Tcheck | Ttotal | Status | Flags |
---|---|---|---|---|---|---|
r-devel-linux-x86_64-debian-clang | 0.1.5 | 77.20 | 98.69 | 175.89 | OK | |
r-devel-linux-x86_64-debian-gcc | 0.1.5 | 52.47 | 74.48 | 126.95 | OK | |
r-devel-linux-x86_64-fedora-clang | 0.1.5 | 237.34 | NOTE | |||
r-devel-linux-x86_64-fedora-gcc | 0.1.5 | 221.12 | NOTE | |||
r-devel-windows-ix86+x86_64 | 0.1.5 | 131.00 | 192.00 | 323.00 | OK | |
r-patched-linux-x86_64 | 0.1.5 | 65.79 | 94.19 | 159.98 | OK | |
r-patched-solaris-x86 | 0.1.5 | 266.60 | NOTE | |||
r-release-linux-x86_64 | 0.1.5 | 62.58 | 93.39 | 155.97 | OK | |
r-release-macos-x86_64 | 0.1.5 | NOTE | ||||
r-release-windows-ix86+x86_64 | 0.1.5 | 147.00 | 207.00 | 354.00 | OK | |
r-oldrel-macos-x86_64 | 0.1.5 | NOTE | ||||
r-oldrel-windows-ix86+x86_64 | 0.1.5 | 123.00 | 192.00 | 315.00 | OK |
Version: 0.1.5
Check: dependencies in R code
Result: NOTE
Namespace in Imports field not imported from: ‘clue’
All declared Imports should be used.
Flavors: r-devel-linux-x86_64-fedora-clang, r-devel-linux-x86_64-fedora-gcc, r-patched-solaris-x86, r-release-macos-x86_64, r-oldrel-macos-x86_64