CRAN Package Check Results for Package NipponMap

Last updated on 2020-07-08 01:49:34 CEST.

Flavor Version Tinstall Tcheck Ttotal Status Flags
r-devel-linux-x86_64-debian-clang 0.2 4.57 45.30 49.87 OK
r-devel-linux-x86_64-debian-gcc 0.2 3.77 34.87 38.64 OK
r-devel-linux-x86_64-fedora-clang 0.2 69.46 NOTE
r-devel-linux-x86_64-fedora-gcc 0.2 58.85 OK
r-devel-windows-ix86+x86_64 0.2 12.00 53.00 65.00 OK
r-patched-linux-x86_64 0.2 4.99 43.58 48.57 OK
r-patched-solaris-x86 0.2 92.30 OK
r-release-linux-x86_64 0.2 4.41 43.03 47.44 OK
r-release-osx-x86_64 0.2 OK
r-release-windows-ix86+x86_64 0.2 11.00 54.00 65.00 OK
r-oldrel-osx-x86_64 0.2 OK
r-oldrel-windows-ix86+x86_64 0.2 22.00 97.00 119.00 OK

Check Details

Version: 0.2
Check: Rd cross-references
Result: NOTE
    Undeclared packages ‘cshapes’, ‘mapdata’ in Rd xrefs
Flavor: r-devel-linux-x86_64-fedora-clang