CRAN Package Check Results for Package NlinTS

Last updated on 2020-09-20 01:50:14 CEST.

Flavor Version Tinstall Tcheck Ttotal Status Flags
r-devel-linux-x86_64-debian-clang 1.4.3 134.97 46.93 181.90 OK
r-devel-linux-x86_64-debian-gcc 1.4.3 105.93 37.12 143.05 OK
r-devel-linux-x86_64-fedora-clang 1.4.3 277.18 NOTE
r-devel-linux-x86_64-fedora-gcc 1.4.3 246.95 OK
r-devel-windows-ix86+x86_64 1.4.3 315.00 107.00 422.00 OK
r-patched-linux-x86_64 1.4.3 109.42 46.25 155.67 OK
r-patched-solaris-x86 1.4.3 205.30 OK
r-release-linux-x86_64 1.4.3 103.47 46.11 149.58 OK
r-release-macos-x86_64 1.4.3 NOTE
r-release-windows-ix86+x86_64 1.4.3 308.00 109.00 417.00 OK
r-oldrel-macos-x86_64 1.4.3 NOTE
r-oldrel-windows-ix86+x86_64 1.4.3 224.00 101.00 325.00 OK

Check Details

Version: 1.4.3
Check: installed package size
Result: NOTE
     installed size is 9.7Mb
     sub-directories of 1Mb or more:
     libs 9.5Mb
Flavors: r-devel-linux-x86_64-fedora-clang, r-release-macos-x86_64, r-oldrel-macos-x86_64