CRAN Package Check Results for Package NlinTS

Last updated on 2022-07-04 01:50:15 CEST.

Flavor Version Tinstall Tcheck Ttotal Status Flags
r-devel-linux-x86_64-debian-clang 1.4.5 149.13 54.96 204.09 OK
r-devel-linux-x86_64-debian-gcc 1.4.5 115.87 42.46 158.33 OK
r-devel-linux-x86_64-fedora-clang 1.4.5 301.00 NOTE
r-devel-linux-x86_64-fedora-gcc 1.4.5 261.20 OK
r-devel-windows-x86_64 1.4.5 120.00 99.00 219.00 OK
r-patched-linux-x86_64 1.4.5 113.01 53.23 166.24 OK
r-release-linux-x86_64 1.4.5 120.65 53.53 174.18 OK
r-release-macos-arm64 1.4.5 67.00 NOTE
r-release-macos-x86_64 1.4.5 83.00 NOTE
r-release-windows-x86_64 1.4.5 108.00 104.00 212.00 OK
r-oldrel-macos-arm64 1.4.5 75.00 NOTE
r-oldrel-macos-x86_64 1.4.5 119.00 NOTE
r-oldrel-windows-ix86+x86_64 1.4.5 324.00 108.00 432.00 OK

Check Details

Version: 1.4.5
Check: installed package size
Result: NOTE
     installed size is 6.2Mb
     sub-directories of 1Mb or more:
     libs 6.0Mb
Flavors: r-devel-linux-x86_64-fedora-clang, r-release-macos-arm64, r-release-macos-x86_64, r-oldrel-macos-arm64, r-oldrel-macos-x86_64