Last updated on 2023-01-28 01:50:16 CET.
Flavor | Version | Tinstall | Tcheck | Ttotal | Status | Flags |
---|---|---|---|---|---|---|
r-devel-linux-x86_64-debian-clang | 1.0.2 | 4.09 | 38.62 | 42.71 | NOTE | |
r-devel-linux-x86_64-debian-gcc | 1.0.2 | 3.40 | 29.55 | 32.95 | NOTE | |
r-devel-linux-x86_64-fedora-clang | 1.0.2 | 58.05 | NOTE | |||
r-devel-linux-x86_64-fedora-gcc | 1.0.2 | 56.97 | NOTE | |||
r-devel-windows-x86_64 | 1.0.2 | 7.00 | 62.00 | 69.00 | NOTE | |
r-patched-linux-x86_64 | 1.0.2 | 7.25 | 37.00 | 44.25 | NOTE | |
r-release-linux-x86_64 | 1.0.2 | 5.13 | 36.81 | 41.94 | NOTE | |
r-release-macos-arm64 | 1.0.2 | 22.00 | NOTE | |||
r-release-macos-x86_64 | 1.0.2 | 27.00 | NOTE | |||
r-release-windows-x86_64 | 1.0.2 | 39.00 | 68.00 | 107.00 | NOTE | |
r-oldrel-macos-arm64 | 1.0.2 | 22.00 | NOTE | |||
r-oldrel-macos-x86_64 | 1.0.2 | 32.00 | NOTE | |||
r-oldrel-windows-ix86+x86_64 | 1.0.2 | 9.00 | 62.00 | 71.00 | NOTE |
Version: 1.0.2
Check: LazyData
Result: NOTE
'LazyData' is specified without a 'data' directory
Flavors: r-devel-linux-x86_64-debian-clang, r-devel-linux-x86_64-debian-gcc, r-devel-linux-x86_64-fedora-clang, r-devel-linux-x86_64-fedora-gcc, r-devel-windows-x86_64, r-patched-linux-x86_64, r-release-linux-x86_64, r-release-macos-arm64, r-release-macos-x86_64, r-release-windows-x86_64, r-oldrel-macos-arm64, r-oldrel-macos-x86_64, r-oldrel-windows-ix86+x86_64