CRAN Package Check Results for Package NormalBetaPrime

Last updated on 2021-12-03 00:48:49 CET.

Flavor Version Tinstall Tcheck Ttotal Status Flags
r-devel-linux-x86_64-debian-clang 2.2 9.85 95.11 104.96 OK
r-devel-linux-x86_64-debian-gcc 2.2 7.18 71.88 79.06 OK
r-devel-linux-x86_64-fedora-clang 2.2 136.34 NOTE
r-devel-linux-x86_64-fedora-gcc 2.2 127.14 OK
r-devel-windows-x86_64-new-UL 2.2 19.00 128.00 147.00 NOTE
r-devel-windows-x86_64-new-TK 2.2 OK
r-devel-windows-x86_64-old 2.2 17.00 88.00 105.00 OK
r-patched-linux-x86_64 2.2 9.44 90.95 100.39 OK
r-patched-solaris-x86 2.2 172.60 NOTE
r-release-linux-x86_64 2.2 10.14 90.68 100.82 OK
r-release-macos-arm64 2.2 NOTE
r-release-macos-x86_64 2.2 NOTE
r-release-windows-ix86+x86_64 2.2 22.00 120.00 142.00 OK
r-oldrel-macos-x86_64 2.2 NOTE
r-oldrel-windows-ix86+x86_64 2.2 22.00 126.00 148.00 OK

Check Details

Version: 2.2
Check: installed package size
Result: NOTE
     installed size is 5.1Mb
     sub-directories of 1Mb or more:
     data 4.8Mb
Flavors: r-devel-linux-x86_64-fedora-clang, r-devel-windows-x86_64-new-UL, r-patched-solaris-x86, r-release-macos-arm64, r-release-macos-x86_64, r-oldrel-macos-x86_64