CRAN Package Check Results for Package OOBCurve

Last updated on 2020-04-01 01:48:58 CEST.

Flavor Version Tinstall Tcheck Ttotal Status Flags
r-devel-linux-x86_64-debian-clang 0.3 9.11 88.62 97.73 OK
r-devel-linux-x86_64-debian-gcc 0.3 7.55 70.24 77.79 OK
r-devel-linux-x86_64-fedora-clang 0.3 112.57 NOTE
r-devel-linux-x86_64-fedora-gcc 0.3 112.82 NOTE
r-devel-windows-ix86+x86_64 0.3 24.00 89.00 113.00 OK
r-devel-windows-ix86+x86_64-gcc8 0.3 19.00 96.00 115.00 OK
r-patched-linux-x86_64 0.3 9.24 83.88 93.12 OK
r-patched-solaris-x86 0.3 183.50 NOTE
r-release-linux-x86_64 0.3 7.69 79.26 86.95 OK
r-release-windows-ix86+x86_64 0.3 29.00 125.00 154.00 OK
r-release-osx-x86_64 0.3 NOTE
r-oldrel-windows-ix86+x86_64 0.3 17.00 128.00 145.00 OK
r-oldrel-osx-x86_64 0.3 NOTE

Check Details

Version: 0.3
Check: dependencies in R code
Result: NOTE
    Namespaces in Imports field not imported from:
     ‘randomForest’ ‘ranger’
     All declared Imports should be used.
Flavors: r-devel-linux-x86_64-fedora-clang, r-devel-linux-x86_64-fedora-gcc, r-patched-solaris-x86, r-release-osx-x86_64, r-oldrel-osx-x86_64