Last updated on 2023-06-09 07:55:54 CEST.
Flavor | Version | Tinstall | Tcheck | Ttotal | Status | Flags |
---|---|---|---|---|---|---|
r-devel-linux-x86_64-debian-clang | 1.0-2 | 5.25 | 43.69 | 48.94 | NOTE | |
r-devel-linux-x86_64-debian-gcc | 1.0-2 | 4.07 | 32.54 | 36.61 | NOTE | |
r-devel-linux-x86_64-fedora-clang | 1.0-2 | 60.00 | NOTE | |||
r-devel-linux-x86_64-fedora-gcc | 1.0-2 | 56.10 | NOTE | |||
r-devel-windows-x86_64 | 1.0-2 | 4.00 | 49.00 | 53.00 | OK | |
r-patched-linux-x86_64 | 1.0-2 | 5.32 | 41.72 | 47.04 | NOTE | |
r-release-linux-x86_64 | 1.0-2 | 4.57 | 41.24 | 45.81 | NOTE | |
r-release-macos-arm64 | 1.0-2 | 18.00 | OK | |||
r-release-macos-x86_64 | 1.0-2 | 29.00 | OK | |||
r-release-windows-x86_64 | 1.0-2 | 5.00 | 62.00 | 67.00 | OK | |
r-oldrel-macos-arm64 | 1.0-2 | 16.00 | OK | |||
r-oldrel-macos-x86_64 | 1.0-2 | 28.00 | OK | |||
r-oldrel-windows-x86_64 | 1.0-2 | 22.00 | 67.00 | 89.00 | OK |
Version: 1.0-2
Check: for non-standard things in the check directory
Result: NOTE
Found the following files/directories:
‘cluster of fitted mean data.eps’ ‘cluster of fitted mean data.txt’
‘cluster of raw data.txt’
Flavors: r-devel-linux-x86_64-debian-clang, r-devel-linux-x86_64-debian-gcc, r-devel-linux-x86_64-fedora-clang, r-devel-linux-x86_64-fedora-gcc, r-patched-linux-x86_64, r-release-linux-x86_64