CRAN Package Check Results for Package ORTSC

Last updated on 2023-09-27 08:02:40 CEST.

Flavor Version Tinstall Tcheck Ttotal Status Flags
r-devel-linux-x86_64-debian-clang 1.0.0 4.66 39.50 44.16 NOTE
r-devel-linux-x86_64-debian-gcc 1.0.0 3.26 29.64 32.90 NOTE
r-devel-linux-x86_64-fedora-clang 1.0.0 53.22 NOTE
r-devel-linux-x86_64-fedora-gcc 1.0.0 53.97 NOTE
r-devel-windows-x86_64 1.0.0 5.00 56.00 61.00 NOTE
r-patched-linux-x86_64 1.0.0 4.53 37.59 42.12 NOTE
r-release-linux-x86_64 1.0.0 4.19 37.49 41.68 NOTE
r-release-macos-arm64 1.0.0 24.00 NOTE
r-release-macos-x86_64 1.0.0 29.00 NOTE
r-release-windows-x86_64 1.0.0 6.00 57.00 63.00 NOTE
r-oldrel-macos-arm64 1.0.0 21.00 NOTE
r-oldrel-macos-x86_64 1.0.0 29.00 NOTE
r-oldrel-windows-x86_64 1.0.0 6.00 62.00 68.00 NOTE

Check Details

Version: 1.0.0
Check: LazyData
Result: NOTE
     'LazyData' is specified without a 'data' directory
Flavors: r-devel-linux-x86_64-debian-clang, r-devel-linux-x86_64-debian-gcc, r-devel-linux-x86_64-fedora-clang, r-devel-linux-x86_64-fedora-gcc, r-devel-windows-x86_64, r-patched-linux-x86_64, r-release-linux-x86_64, r-release-macos-arm64, r-release-macos-x86_64, r-release-windows-x86_64, r-oldrel-macos-arm64, r-oldrel-macos-x86_64, r-oldrel-windows-x86_64