CRAN Package Check Results for Package ORTSC

Last updated on 2024-07-18 06:57:31 CEST.

Flavor Version Tinstall Tcheck Ttotal Status Flags
r-devel-linux-x86_64-debian-clang 1.0.0 4.47 39.55 44.02 NOTE
r-devel-linux-x86_64-debian-gcc 1.0.0 2.86 29.53 32.39 NOTE
r-devel-linux-x86_64-fedora-clang 1.0.0 53.93 NOTE
r-devel-linux-x86_64-fedora-gcc 1.0.0 50.78 NOTE
r-devel-windows-x86_64 1.0.0 5.00 54.00 59.00 NOTE
r-patched-linux-x86_64 1.0.0 4.57 37.69 42.26 NOTE
r-release-linux-x86_64 1.0.0 3.76 37.33 41.09 NOTE
r-release-macos-arm64 1.0.0 22.00 NOTE
r-release-macos-x86_64 1.0.0 30.00 NOTE
r-release-windows-x86_64 1.0.0 4.00 55.00 59.00 NOTE
r-oldrel-macos-arm64 1.0.0 24.00 NOTE
r-oldrel-macos-x86_64 1.0.0 29.00 NOTE
r-oldrel-windows-x86_64 1.0.0 6.00 56.00 62.00 NOTE

Check Details

Version: 1.0.0
Check: LazyData
Result: NOTE 'LazyData' is specified without a 'data' directory Flavors: r-devel-linux-x86_64-debian-clang, r-devel-linux-x86_64-debian-gcc, r-devel-linux-x86_64-fedora-clang, r-devel-linux-x86_64-fedora-gcc, r-devel-windows-x86_64, r-patched-linux-x86_64, r-release-linux-x86_64, r-release-macos-arm64, r-release-macos-x86_64, r-release-windows-x86_64, r-oldrel-macos-arm64, r-oldrel-macos-x86_64, r-oldrel-windows-x86_64