CRAN Package Check Results for Package OpenML

Last updated on 2020-03-30 02:48:37 CEST.

Flavor Version Tinstall Tcheck Ttotal Status Flags
r-devel-linux-x86_64-debian-clang 1.10 OK
r-devel-linux-x86_64-debian-gcc 1.10 7.46 48.51 55.97 OK
r-devel-linux-x86_64-fedora-clang 1.10 87.44 OK
r-devel-linux-x86_64-fedora-gcc 1.10 81.89 OK
r-devel-windows-ix86+x86_64 1.10 15.00 75.00 90.00 OK
r-devel-windows-ix86+x86_64-gcc8 1.10 15.00 70.00 85.00 OK
r-patched-linux-x86_64 1.10 9.09 60.46 69.55 OK
r-patched-solaris-x86 1.10 126.10 NOTE
r-release-linux-x86_64 1.10 7.21 56.08 63.29 OK
r-release-windows-ix86+x86_64 1.10 24.00 96.00 120.00 OK
r-release-osx-x86_64 1.10 OK
r-oldrel-windows-ix86+x86_64 1.10 19.00 96.00 115.00 OK
r-oldrel-osx-x86_64 1.10 OK

Check Details

Version: 1.10
Check: package dependencies
Result: NOTE
    Package suggested but not available for checking: ‘RWeka’
Flavor: r-patched-solaris-x86