CRAN Package Check Results for Package PAFway

Last updated on 2020-09-23 04:00:05 CEST.

Flavor Version Tinstall Tcheck Ttotal Status Flags
r-devel-linux-x86_64-debian-clang 0.1.3 2.33 155.94 158.27 OK
r-devel-linux-x86_64-debian-gcc 0.1.3 2.01 115.07 117.08 OK
r-devel-linux-x86_64-fedora-clang 0.1.3 183.06 NOTE
r-devel-linux-x86_64-fedora-gcc 0.1.3 200.27 NOTE
r-devel-windows-ix86+x86_64 0.1.3 8.00 200.00 208.00 OK
r-patched-linux-x86_64 0.1.3 2.58 154.65 157.23 OK
r-patched-solaris-x86 0.1.3 228.90 NOTE
r-release-linux-x86_64 0.1.3 2.40 155.93 158.33 OK
r-release-macos-x86_64 0.1.3 NOTE
r-release-windows-ix86+x86_64 0.1.3 6.00 207.00 213.00 OK
r-oldrel-macos-x86_64 0.1.3 NOTE
r-oldrel-windows-ix86+x86_64 0.1.3 3.00 159.00 162.00 OK

Check Details

Version: 0.1.3
Check: dependencies in R code
Result: NOTE
    Namespaces in Imports field not imported from:
     ‘network’ ‘scales’ ‘sna’
     All declared Imports should be used.
Flavors: r-devel-linux-x86_64-fedora-clang, r-devel-linux-x86_64-fedora-gcc, r-patched-solaris-x86, r-release-macos-x86_64, r-oldrel-macos-x86_64