CRAN Package Check Results for Package PBSmodelling

Last updated on 2020-09-19 00:50:12 CEST.

Flavor Version Tinstall Tcheck Ttotal Status Flags
r-devel-linux-x86_64-debian-clang 2.68.8 23.03 102.37 125.40 OK
r-devel-linux-x86_64-debian-gcc 2.68.8 16.76 78.80 95.56 OK
r-devel-linux-x86_64-fedora-clang 2.68.8 171.04 NOTE
r-devel-linux-x86_64-fedora-gcc 2.68.8 161.36 OK
r-devel-windows-ix86+x86_64 2.68.8 35.00 134.00 169.00 OK
r-patched-linux-x86_64 2.68.8 23.00 103.45 126.45 OK
r-patched-solaris-x86 2.68.8 205.70 NOTE
r-release-linux-x86_64 2.68.8 22.38 103.56 125.94 OK
r-release-macos-x86_64 2.68.8 NOTE
r-release-windows-ix86+x86_64 2.68.8 34.00 116.00 150.00 OK
r-oldrel-macos-x86_64 2.68.8 NOTE
r-oldrel-windows-ix86+x86_64 2.68.8 24.00 134.00 158.00 OK

Check Details

Version: 2.68.8
Check: installed package size
Result: NOTE
     installed size is 5.3Mb
     sub-directories of 1Mb or more:
     doc 1.3Mb
     examples 1.7Mb
Flavors: r-devel-linux-x86_64-fedora-clang, r-patched-solaris-x86, r-release-macos-x86_64, r-oldrel-macos-x86_64