CRAN Package Check Results for Package PCA4TS

Last updated on 2022-06-30 01:49:15 CEST.

Flavor Version Tinstall Tcheck Ttotal Status Flags
r-devel-linux-x86_64-debian-clang 0.1 4.51 35.71 40.22 OK
r-devel-linux-x86_64-debian-gcc 0.1 3.33 28.02 31.35 OK
r-devel-linux-x86_64-fedora-clang 0.1 59.47 NOTE
r-devel-linux-x86_64-fedora-gcc 0.1 57.93 NOTE
r-devel-windows-x86_64 0.1 13.00 71.00 84.00 OK
r-patched-linux-x86_64 0.1 3.46 34.63 38.09 OK
r-release-linux-x86_64 0.1 4.46 34.90 39.36 OK
r-release-macos-arm64 0.1 22.00 OK
r-release-macos-x86_64 0.1 31.00 OK
r-release-windows-x86_64 0.1 19.00 72.00 91.00 OK
r-oldrel-macos-arm64 0.1 30.00 OK
r-oldrel-macos-x86_64 0.1 40.00 OK
r-oldrel-windows-ix86+x86_64 0.1 13.00 75.00 88.00 OK

Check Details

Version: 0.1
Check: compiled code
Result: NOTE
    File ‘PCA4TS/libs/PCA4TS.so’:
     Found no calls to: ‘R_registerRoutines’, ‘R_useDynamicSymbols’
    
    It is good practice to register native routines and to disable symbol
    search.
    
    See ‘Writing portable packages’ in the ‘Writing R Extensions’ manual.
Flavors: r-devel-linux-x86_64-fedora-clang, r-devel-linux-x86_64-fedora-gcc