CRAN Package Check Results for Package PCADSC

Last updated on 2022-07-02 01:49:02 CEST.

Flavor Version Tinstall Tcheck Ttotal Status Flags
r-devel-linux-x86_64-debian-clang 0.8.0 6.84 65.13 71.97 NOTE
r-devel-linux-x86_64-debian-gcc 0.8.0 5.35 49.39 54.74 NOTE
r-devel-linux-x86_64-fedora-clang 0.8.0 94.88 NOTE
r-devel-linux-x86_64-fedora-gcc 0.8.0 91.93 NOTE
r-devel-windows-x86_64 0.8.0 11.00 88.00 99.00 NOTE
r-patched-linux-x86_64 0.8.0 5.14 61.22 66.36 NOTE
r-release-linux-x86_64 0.8.0 6.55 61.79 68.34 NOTE
r-release-macos-arm64 0.8.0 27.00 NOTE
r-release-macos-x86_64 0.8.0 48.00 NOTE
r-release-windows-x86_64 0.8.0 13.00 90.00 103.00 NOTE
r-oldrel-macos-arm64 0.8.0 30.00 NOTE
r-oldrel-macos-x86_64 0.8.0 44.00 NOTE
r-oldrel-windows-ix86+x86_64 0.8.0 16.00 89.00 105.00 NOTE

Check Details

Version: 0.8.0
Check: LazyData
Result: NOTE
     'LazyData' is specified without a 'data' directory
Flavors: r-devel-linux-x86_64-debian-clang, r-devel-linux-x86_64-debian-gcc, r-devel-linux-x86_64-fedora-clang, r-devel-linux-x86_64-fedora-gcc, r-devel-windows-x86_64, r-patched-linux-x86_64, r-release-linux-x86_64, r-release-macos-arm64, r-release-macos-x86_64, r-release-windows-x86_64, r-oldrel-macos-arm64, r-oldrel-macos-x86_64, r-oldrel-windows-ix86+x86_64

Version: 0.8.0
Check: dependencies in R code
Result: NOTE
    Namespaces in Imports field not imported from:
     ‘Matrix’ ‘pander’
     All declared Imports should be used.
Flavors: r-devel-linux-x86_64-fedora-clang, r-devel-linux-x86_64-fedora-gcc, r-release-macos-arm64, r-release-macos-x86_64, r-oldrel-macos-arm64, r-oldrel-macos-x86_64

Version: 0.8.0
Check: Rd cross-references
Result: NOTE
    Undeclared packages ‘tibble’, ‘data.table’ in Rd xrefs
Flavor: r-devel-linux-x86_64-fedora-clang