CRAN Package Check Results for Package PCMBase

Last updated on 2020-02-21 00:49:48 CET.

Flavor Version Tinstall Tcheck Ttotal Status Flags
r-devel-linux-x86_64-debian-clang 1.2.11 25.18 253.98 279.16 OK
r-devel-linux-x86_64-debian-gcc 1.2.11 22.56 185.48 208.04 OK
r-devel-linux-x86_64-fedora-clang 1.2.11 318.94 OK
r-devel-linux-x86_64-fedora-gcc 1.2.11 308.20 OK
r-devel-windows-ix86+x86_64 1.2.11 42.00 217.00 259.00 OK
r-devel-windows-ix86+x86_64-gcc8 1.2.11 68.00 279.00 347.00 OK
r-patched-linux-x86_64 1.2.11 20.23 212.24 232.47 OK
r-patched-solaris-x86 1.2.11 325.90 OK
r-release-linux-x86_64 1.2.11 22.02 213.96 235.98 OK
r-release-windows-ix86+x86_64 1.2.11 35.00 205.00 240.00 OK
r-release-osx-x86_64 1.2.11 OK
r-oldrel-windows-ix86+x86_64 1.2.11 26.00 163.00 189.00 OK
r-oldrel-osx-x86_64 1.2.11 WARN

Check Details

Version: 1.2.11
Check: re-building of vignette outputs
Result: WARN
    Error in re-building vignettes:
     ...
    Warning in engine$weave(file, quiet = quiet, encoding = enc) :
     Pandoc (>= 1.12.3) and/or pandoc-citeproc not available. Falling back to R Markdown v1.
    Failed with error: 'object 'as_data_frame' is not exported by 'namespace:tidytree''
    Quitting from lines 37-53 (PCMBase.Rmd)
    Error: processing vignette 'PCMBase.Rmd' failed with diagnostics:
    argument is not interpretable as logical
    Execution halted
Flavor: r-oldrel-osx-x86_64