CRAN Package Check Results for Package PDN

Last updated on 2020-09-20 01:50:15 CEST.

Flavor Version Tinstall Tcheck Ttotal Status Flags
r-devel-linux-x86_64-debian-clang 0.1.0 9.48 132.48 141.96 OK
r-devel-linux-x86_64-debian-gcc 0.1.0 6.83 101.55 108.38 OK
r-devel-linux-x86_64-fedora-clang 0.1.0 182.79 NOTE
r-devel-linux-x86_64-fedora-gcc 0.1.0 173.97 NOTE
r-devel-windows-ix86+x86_64 0.1.0 23.00 159.00 182.00 OK
r-patched-linux-x86_64 0.1.0 7.49 130.94 138.43 OK
r-patched-solaris-x86 0.1.0 233.60 NOTE
r-release-linux-x86_64 0.1.0 7.29 130.77 138.06 OK
r-release-macos-x86_64 0.1.0 NOTE
r-release-windows-ix86+x86_64 0.1.0 22.00 166.00 188.00 OK
r-oldrel-macos-x86_64 0.1.0 NOTE
r-oldrel-windows-ix86+x86_64 0.1.0 13.00 135.00 148.00 OK

Check Details

Version: 0.1.0
Check: dependencies in R code
Result: NOTE
    Namespace in Imports field not imported from: ‘glmnet’
     All declared Imports should be used.
Flavors: r-devel-linux-x86_64-fedora-clang, r-devel-linux-x86_64-fedora-gcc, r-patched-solaris-x86, r-release-macos-x86_64, r-oldrel-macos-x86_64