CRAN Package Check Results for Package PGRdup

Last updated on 2021-09-21 01:50:25 CEST.

Flavor Version Tinstall Tcheck Ttotal Status Flags
r-devel-linux-x86_64-debian-clang 0.2.3.7 9.92 145.68 155.60 OK
r-devel-linux-x86_64-debian-gcc 0.2.3.7 7.27 166.54 173.81 OK
r-devel-linux-x86_64-fedora-clang 0.2.3.7 176.77 OK
r-devel-linux-x86_64-fedora-gcc 0.2.3.7 163.27 OK
r-devel-windows-x86_64 0.2.3.7 13.00 119.00 132.00 OK
r-devel-windows-x86_64-gcc10-UCRT 0.2.3.7 ERROR
r-patched-linux-x86_64 0.2.3.7 10.09 140.61 150.70 OK
r-patched-solaris-x86 0.2.3.7 141.20 OK
r-release-linux-x86_64 0.2.3.7 10.13 132.67 142.80 OK
r-release-macos-arm64 0.2.3.7 OK
r-release-macos-x86_64 0.2.3.7 OK
r-release-windows-ix86+x86_64 0.2.3.7 24.00 174.00 198.00 OK
r-oldrel-macos-x86_64 0.2.3.7 OK
r-oldrel-windows-ix86+x86_64 0.2.3.7 25.00 178.00 203.00 OK

Check Details

Version: 0.2.3.7
Check: package dependencies
Result: NOTE
    Package suggested but not available for checking: 'XML'
Flavor: r-devel-windows-x86_64-gcc10-UCRT

Version: 0.2.3.7
Check: whether package can be installed
Result: ERROR
    Installation failed.
Flavor: r-devel-windows-x86_64-gcc10-UCRT