Last updated on 2023-11-30 07:52:45 CET.
Flavor | Version | Tinstall | Tcheck | Ttotal | Status | Flags |
---|---|---|---|---|---|---|
r-devel-linux-x86_64-debian-clang | 1.3.0 | 111.13 | 862.74 | 973.87 | OK | |
r-devel-linux-x86_64-debian-gcc | 1.3.0 | 77.00 | 549.71 | 626.71 | OK | |
r-devel-linux-x86_64-fedora-clang | 1.3.0 | 1198.14 | NOTE | |||
r-devel-linux-x86_64-fedora-gcc | 1.3.0 | 1255.65 | NOTE | |||
r-devel-windows-x86_64 | 1.3.0 | 86.00 | 623.00 | 709.00 | OK | |
r-patched-linux-x86_64 | 1.3.0 | 93.63 | 754.37 | 848.00 | OK | |
r-release-linux-x86_64 | 1.3.0 | 97.90 | 745.91 | 843.81 | OK | |
r-release-macos-arm64 | 1.3.0 | 285.00 | OK | |||
r-release-macos-x86_64 | 1.3.0 | 455.00 | OK | |||
r-release-windows-x86_64 | 1.3.0 | 109.00 | 811.00 | 920.00 | OK | |
r-oldrel-macos-arm64 | 1.3.0 | 234.00 | OK | |||
r-oldrel-macos-x86_64 | 1.3.0 | 312.00 | OK | |||
r-oldrel-windows-x86_64 | 1.3.0 | 103.00 | 737.00 | 840.00 | OK |
Version: 1.3.0
Check: dependencies in R code
Result: NOTE
Namespace in Imports field not imported from: ‘BH’
All declared Imports should be used.
Flavors: r-devel-linux-x86_64-fedora-clang, r-devel-linux-x86_64-fedora-gcc