CRAN Package Check Results for Package PNADcIBGE

Last updated on 2021-09-23 01:49:51 CEST.

Flavor Version Tinstall Tcheck Ttotal Status Flags
r-devel-linux-x86_64-debian-clang 0.6.5 11.98 99.04 111.02 OK
r-devel-linux-x86_64-debian-gcc 0.6.5 10.48 73.57 84.05 OK
r-devel-linux-x86_64-fedora-clang 0.6.5 140.91 OK
r-devel-linux-x86_64-fedora-gcc 0.6.5 126.27 OK
r-devel-windows-x86_64 0.6.5 14.00 85.00 99.00 OK
r-devel-windows-x86_64-gcc10-UCRT 0.6.5 ERROR
r-patched-linux-x86_64 0.6.5 9.11 92.44 101.55 OK
r-patched-solaris-x86 0.6.5 188.60 OK
r-release-linux-x86_64 0.6.5 10.98 92.68 103.66 OK
r-release-macos-arm64 0.6.5 OK
r-release-macos-x86_64 0.6.5 OK
r-release-windows-ix86+x86_64 0.6.5 26.00 114.00 140.00 OK
r-oldrel-macos-x86_64 0.6.5 OK
r-oldrel-windows-ix86+x86_64 0.6.5 21.00 86.00 107.00 OK

Check Details

Version: 0.6.5
Check: package dependencies
Result: NOTE
    Package suggested but not available for checking: 'tidyverse'
Flavor: r-devel-windows-x86_64-gcc10-UCRT

Version: 0.6.5
Check: PDF version of manual
Result: WARN
    LaTeX errors when creating PDF version.
    This typically indicates Rd problems.
Flavor: r-devel-windows-x86_64-gcc10-UCRT

Version: 0.6.5
Check: PDF version of manual without hyperrefs or index
Result: ERROR
    Re-running with no redirection of stdout/stderr.
Flavor: r-devel-windows-x86_64-gcc10-UCRT