CRAN Package Check Results for Package PNADcIBGE

Last updated on 2021-04-18 01:49:30 CEST.

Flavor Version Tinstall Tcheck Ttotal Status Flags
r-devel-linux-x86_64-debian-clang 0.6.2 11.43 98.07 109.50 NOTE
r-devel-linux-x86_64-debian-gcc 0.6.2 9.71 74.35 84.06 NOTE
r-devel-linux-x86_64-fedora-clang 0.6.2 146.27 NOTE
r-devel-linux-x86_64-fedora-gcc 0.6.2 136.74 NOTE
r-devel-windows-ix86+x86_64 0.6.2 30.00 114.00 144.00 NOTE
r-devel-windows-x86_64-gcc10-UCRT 0.6.2 NOTE
r-patched-linux-x86_64 0.6.2 13.25 87.55 100.80 OK
r-patched-solaris-x86 0.6.2 182.80 OK
r-release-linux-x86_64 0.6.2 10.49 87.36 97.85 OK
r-release-macos-x86_64 0.6.2 OK
r-release-windows-ix86+x86_64 0.6.2 43.00 119.00 162.00 OK
r-oldrel-macos-x86_64 0.6.2 OK
r-oldrel-windows-ix86+x86_64 0.6.2 18.00 109.00 127.00 OK

Check Details

Version: 0.6.2
Check: LazyData
Result: NOTE
     'LazyData' is specified without a 'data' directory
Flavors: r-devel-linux-x86_64-debian-clang, r-devel-linux-x86_64-debian-gcc, r-devel-linux-x86_64-fedora-clang, r-devel-linux-x86_64-fedora-gcc, r-devel-windows-ix86+x86_64, r-devel-windows-x86_64-gcc10-UCRT