CRAN Package Check Results for Package POFIBGE

Last updated on 2021-06-24 01:50:30 CEST.

Flavor Version Tinstall Tcheck Ttotal Status Flags
r-devel-linux-x86_64-debian-clang 0.1.2 10.70 94.15 104.85 OK
r-devel-linux-x86_64-debian-gcc 0.1.2 8.36 71.10 79.46 OK
r-devel-linux-x86_64-fedora-clang 0.1.2 135.66 OK
r-devel-linux-x86_64-fedora-gcc 0.1.2 122.38 OK
r-devel-windows-x86_64 0.1.2 17.00 102.00 119.00 OK
r-devel-windows-x86_64-gcc10-UCRT 0.1.2 ERROR
r-patched-linux-x86_64 0.1.2 11.92 88.32 100.24 OK
r-patched-solaris-x86 0.1.2 175.50 OK
r-release-linux-x86_64 0.1.2 9.74 88.03 97.77 OK
r-release-macos-arm64 0.1.2 OK
r-release-macos-x86_64 0.1.2 OK
r-release-windows-ix86+x86_64 0.1.2 19.00 83.00 102.00 OK
r-oldrel-macos-x86_64 0.1.2 OK

Check Details

Version: 0.1.2
Check: package dependencies
Result: ERROR
    Packages required but not available: 'projmgr', 'httr'
    
    Package suggested but not available for checking: 'tidyverse'
    
    See section 'The DESCRIPTION file' in the 'Writing R Extensions'
    manual.
Flavor: r-devel-windows-x86_64-gcc10-UCRT