CRAN Package Check Results for Package POSetR

Last updated on 2023-12-03 08:50:18 CET.

Flavor Version Tinstall Tcheck Ttotal Status Flags
r-devel-linux-x86_64-debian-clang 1.1.1 231.86 39.16 271.02 WARN
r-devel-linux-x86_64-debian-gcc 1.1.1 155.49 30.90 186.39 OK
r-devel-linux-x86_64-fedora-clang 1.1.1 384.69 WARN
r-devel-linux-x86_64-fedora-gcc 1.1.1 405.41 NOTE
r-devel-windows-x86_64 1.1.1 167.00 77.00 244.00 OK
r-patched-linux-x86_64 1.1.1 189.30 38.58 227.88 OK
r-release-linux-x86_64 1.1.1 183.40 38.13 221.53 OK
r-release-macos-arm64 1.1.1 99.00 NOTE
r-release-macos-x86_64 1.1.1 164.00 NOTE
r-release-windows-x86_64 1.1.1 220.00 86.00 306.00 OK
r-oldrel-macos-arm64 1.1.1 103.00 NOTE
r-oldrel-macos-x86_64 1.1.1 106.00 NOTE
r-oldrel-windows-x86_64 1.1.1 212.00 83.00 295.00 OK

Check Details

Version: 1.1.1
Check: whether package can be installed
Result: WARN Found the following significant warnings: RMod.cpp:327:26: warning: format string is not a string literal (potentially insecure) [-Wformat-security] RMod.cpp:369:26: warning: format string is not a string literal (potentially insecure) [-Wformat-security] RMod.cpp:403:26: warning: format string is not a string literal (potentially insecure) [-Wformat-security] See ‘/home/hornik/tmp/R.check/r-devel-clang/Work/PKGS/POSetR.Rcheck/00install.out’ for details. * used C++ compiler: ‘Debian clang version 17.0.5 (1)’ Flavor: r-devel-linux-x86_64-debian-clang

Version: 1.1.1
Check: whether package can be installed
Result: WARN Found the following significant warnings: RMod.cpp:327:26: warning: format string is not a string literal (potentially insecure) [-Wformat-security] RMod.cpp:369:26: warning: format string is not a string literal (potentially insecure) [-Wformat-security] RMod.cpp:403:26: warning: format string is not a string literal (potentially insecure) [-Wformat-security] See ‘/data/gannet/ripley/R/packages/tests-clang/POSetR.Rcheck/00install.out’ for details. * used C++ compiler: ‘clang version 17.0.5’ Flavor: r-devel-linux-x86_64-fedora-clang

Version: 1.1.1
Check: dependencies in R code
Result: NOTE Namespace in Imports field not imported from: ‘Rdpack’ All declared Imports should be used. Flavors: r-devel-linux-x86_64-fedora-clang, r-devel-linux-x86_64-fedora-gcc

Version: 1.1.1
Check: installed package size
Result: NOTE installed size is 16.3Mb sub-directories of 1Mb or more: libs 16.1Mb Flavors: r-release-macos-arm64, r-release-macos-x86_64, r-oldrel-macos-arm64, r-oldrel-macos-x86_64