CRAN Package Check Results for Package PPQplan

Last updated on 2022-07-03 01:49:01 CEST.

Flavor Version Tinstall Tcheck Ttotal Status Flags
r-devel-linux-x86_64-debian-clang 1.1.0 9.89 149.13 159.02 NOTE
r-devel-linux-x86_64-debian-gcc 1.1.0 6.87 108.08 114.95 NOTE
r-devel-linux-x86_64-fedora-clang 1.1.0 192.82 NOTE
r-devel-linux-x86_64-fedora-gcc 1.1.0 186.60 NOTE
r-devel-windows-x86_64 1.1.0 24.00 182.00 206.00 NOTE
r-patched-linux-x86_64 1.1.0 8.48 144.52 153.00 NOTE
r-release-linux-x86_64 1.1.0 6.57 140.93 147.50 NOTE
r-release-macos-arm64 1.1.0 56.00 NOTE
r-release-macos-x86_64 1.1.0 90.00 NOTE
r-release-windows-x86_64 1.1.0 18.00 192.00 210.00 NOTE
r-oldrel-macos-arm64 1.1.0 153.00 NOTE
r-oldrel-macos-x86_64 1.1.0 85.00 NOTE
r-oldrel-windows-ix86+x86_64 1.1.0 22.00 171.00 193.00 NOTE

Check Details

Version: 1.1.0
Check: LazyData
Result: NOTE
     'LazyData' is specified without a 'data' directory
Flavors: r-devel-linux-x86_64-debian-clang, r-devel-linux-x86_64-debian-gcc, r-devel-linux-x86_64-fedora-clang, r-devel-linux-x86_64-fedora-gcc, r-devel-windows-x86_64, r-patched-linux-x86_64, r-release-linux-x86_64, r-release-macos-arm64, r-release-macos-x86_64, r-release-windows-x86_64, r-oldrel-macos-arm64, r-oldrel-macos-x86_64, r-oldrel-windows-ix86+x86_64

Version: 1.1.0
Check: installed package size
Result: NOTE
     installed size is 12.1Mb
     sub-directories of 1Mb or more:
     doc 12.0Mb
Flavors: r-devel-linux-x86_64-fedora-clang, r-devel-windows-x86_64, r-release-macos-arm64, r-release-macos-x86_64, r-release-windows-x86_64, r-oldrel-macos-arm64, r-oldrel-macos-x86_64, r-oldrel-windows-ix86+x86_64