CRAN Package Check Results for Package PPforest

Last updated on 2020-05-28 01:53:25 CEST.

Flavor Version Tinstall Tcheck Ttotal Status Flags
r-devel-linux-x86_64-debian-clang 0.1.1 49.81 75.20 125.01 OK
r-devel-linux-x86_64-debian-gcc 0.1.1 36.85 57.05 93.90 OK
r-devel-linux-x86_64-fedora-clang 0.1.1 165.30 NOTE
r-devel-linux-x86_64-fedora-gcc 0.1.1 155.19 OK
r-devel-windows-ix86+x86_64 0.1.1 120.00 181.00 301.00 OK
r-patched-linux-x86_64 0.1.1 40.31 73.86 114.17 OK
r-patched-solaris-x86 0.1.1 162.10 OK
r-release-linux-x86_64 0.1.1 43.14 74.04 117.18 OK
r-release-osx-x86_64 0.1.1 NOTE
r-release-windows-ix86+x86_64 0.1.1 109.00 202.00 311.00 OK
r-oldrel-osx-x86_64 0.1.1 NOTE
r-oldrel-windows-ix86+x86_64 0.1.1 88.00 144.00 232.00 OK

Check Details

Version: 0.1.1
Check: installed package size
Result: NOTE
     installed size is 5.7Mb
     sub-directories of 1Mb or more:
     libs 4.5Mb
Flavors: r-devel-linux-x86_64-fedora-clang, r-release-osx-x86_64, r-oldrel-osx-x86_64