CRAN Package Check Results for Package PRECAST

Last updated on 2024-02-20 08:01:07 CET.

Flavor Version Tinstall Tcheck Ttotal Status Flags
r-devel-linux-x86_64-debian-clang 1.6.4 ERROR
r-devel-linux-x86_64-debian-gcc 1.6.4 159.30 479.22 638.52 OK
r-devel-linux-x86_64-fedora-clang 1.6.4 1164.28 OK
r-devel-linux-x86_64-fedora-gcc 1.6.4 1136.61 OK
r-devel-windows-x86_64 1.6.4 149.00 460.00 609.00 OK
r-patched-linux-x86_64 1.6.4 200.65 637.05 837.70 OK
r-release-linux-x86_64 1.6.4 195.02 630.98 826.00 OK
r-release-macos-arm64 1.6.4 178.00 NOTE
r-release-macos-x86_64 1.6.4 266.00 NOTE
r-release-windows-x86_64 1.6.4 180.00 585.00 765.00 OK
r-oldrel-macos-arm64 1.6.4 162.00 NOTE
r-oldrel-windows-x86_64 1.6.4 172.00 545.00 717.00 OK

Check Details

Version: 1.6.4
Check: package dependencies
Result: ERROR Package required but not available: ‘scater’ See section ‘The DESCRIPTION file’ in the ‘Writing R Extensions’ manual. Flavor: r-devel-linux-x86_64-debian-clang

Version: 1.6.4
Check: installed package size
Result: NOTE installed size is 11.5Mb sub-directories of 1Mb or more: data 2.2Mb libs 8.5Mb Flavors: r-release-macos-arm64, r-release-macos-x86_64, r-oldrel-macos-arm64