CRAN Package Check Results for Package PRIMME

Last updated on 2022-01-16 01:07:10 CET.

Flavor Version Tinstall Tcheck Ttotal Status Flags
r-devel-linux-x86_64-debian-clang 3.2-1 98.87 44.03 142.90 OK
r-devel-linux-x86_64-debian-gcc 3.2-1 96.36 36.78 133.14 OK
r-devel-linux-x86_64-fedora-clang 3.2-1 241.54 NOTE
r-devel-linux-x86_64-fedora-gcc 3.2-1 230.35 OK
r-devel-windows-x86_64-new-UL 3.2-1 118.00 86.00 204.00 OK
r-devel-windows-x86_64-new-TK 3.2-1 OK
r-patched-linux-x86_64 3.2-1 114.07 42.53 156.60 OK
r-release-linux-x86_64 3.2-1 98.91 41.76 140.67 OK
r-release-macos-arm64 3.2-1 NOTE
r-release-macos-x86_64 3.2-1 NOTE
r-release-windows-ix86+x86_64 3.2-1 304.00 89.00 393.00 NOTE
r-oldrel-macos-x86_64 3.2-1 NOTE
r-oldrel-windows-ix86+x86_64 3.2-1 303.00 91.00 394.00 NOTE

Check Details

Version: 3.2-1
Check: installed package size
Result: NOTE
     installed size is 7.1Mb
     sub-directories of 1Mb or more:
     libs 6.9Mb
Flavors: r-devel-linux-x86_64-fedora-clang, r-release-macos-arm64, r-release-macos-x86_64, r-release-windows-ix86+x86_64, r-oldrel-macos-x86_64, r-oldrel-windows-ix86+x86_64