CRAN Package Check Results for Package PRISMAstatement

Last updated on 2023-06-07 06:57:55 CEST.

Flavor Version Tinstall Tcheck Ttotal Status Flags
r-devel-linux-x86_64-debian-clang 1.1.1 2.41 32.95 35.36 NOTE
r-devel-linux-x86_64-debian-gcc 1.1.1 2.28 26.44 28.72 NOTE
r-devel-linux-x86_64-fedora-clang 1.1.1 47.13 NOTE
r-devel-linux-x86_64-fedora-gcc 1.1.1 55.84 NOTE
r-devel-windows-x86_64 1.1.1 5.00 52.00 57.00 NOTE
r-patched-linux-x86_64 1.1.1 2.23 31.90 34.13 NOTE
r-release-linux-x86_64 1.1.1 1.99 32.44 34.43 NOTE
r-release-macos-arm64 1.1.1 27.00 NOTE
r-release-macos-x86_64 1.1.1 56.00 NOTE
r-release-windows-x86_64 1.1.1 6.00 55.00 61.00 NOTE
r-oldrel-macos-arm64 1.1.1 22.00 NOTE
r-oldrel-macos-x86_64 1.1.1 34.00 NOTE
r-oldrel-windows-x86_64 1.1.1 6.00 54.00 60.00 NOTE

Check Details

Version: 1.1.1
Check: LazyData
Result: NOTE
     'LazyData' is specified without a 'data' directory
Flavors: r-devel-linux-x86_64-debian-clang, r-devel-linux-x86_64-debian-gcc, r-devel-linux-x86_64-fedora-clang, r-devel-linux-x86_64-fedora-gcc, r-devel-windows-x86_64, r-patched-linux-x86_64, r-release-linux-x86_64, r-release-macos-arm64, r-release-macos-x86_64, r-release-windows-x86_64, r-oldrel-macos-arm64, r-oldrel-macos-x86_64, r-oldrel-windows-x86_64

Version: 1.1.1
Check: installed package size
Result: NOTE
     installed size is 5.0Mb
     sub-directories of 1Mb or more:
     doc 4.8Mb
Flavor: r-devel-linux-x86_64-fedora-clang