Last updated on 2022-08-14 01:49:22 CEST.
Flavor | Version | Tinstall | Tcheck | Ttotal | Status | Flags |
---|---|---|---|---|---|---|
r-devel-linux-x86_64-debian-clang | 1.0-1 | 19.29 | 144.98 | 164.27 | NOTE | |
r-devel-linux-x86_64-debian-gcc | 1.0-1 | 13.79 | 107.55 | 121.34 | NOTE | |
r-devel-linux-x86_64-fedora-clang | 1.0-1 | 203.57 | NOTE | |||
r-devel-linux-x86_64-fedora-gcc | 1.0-1 | 200.16 | NOTE | |||
r-devel-windows-x86_64 | 1.0-1 | 42.00 | 157.00 | 199.00 | NOTE | |
r-patched-linux-x86_64 | 1.0-1 | 19.84 | 137.07 | 156.91 | OK | |
r-release-linux-x86_64 | 1.0-1 | 12.81 | 135.44 | 148.25 | OK | |
r-release-macos-arm64 | 1.0-1 | 58.00 | OK | |||
r-release-macos-x86_64 | 1.0-1 | 88.00 | OK | |||
r-release-windows-x86_64 | 1.0-1 | 42.00 | 155.00 | 197.00 | OK | |
r-oldrel-macos-arm64 | 1.0-1 | 59.00 | OK | |||
r-oldrel-macos-x86_64 | 1.0-1 | 67.00 | OK | |||
r-oldrel-windows-ix86+x86_64 | 1.0-1 | 42.00 | 159.00 | 201.00 | OK |
Version: 1.0-1
Check: package subdirectories
Result: NOTE
Problems with news in 'NEWS.md':
No news entries found.
Flavors: r-devel-linux-x86_64-debian-clang, r-devel-linux-x86_64-debian-gcc, r-devel-linux-x86_64-fedora-clang, r-devel-linux-x86_64-fedora-gcc, r-devel-windows-x86_64