Last updated on 2023-01-30 01:53:41 CET.
Flavor | Version | Tinstall | Tcheck | Ttotal | Status | Flags |
---|---|---|---|---|---|---|
r-devel-linux-x86_64-debian-clang | 1.0-1 | 17.83 | 143.32 | 161.15 | NOTE | |
r-devel-linux-x86_64-debian-gcc | 1.0-1 | 13.65 | 105.80 | 119.45 | NOTE | |
r-devel-linux-x86_64-fedora-clang | 1.0-1 | 208.71 | NOTE | |||
r-devel-linux-x86_64-fedora-gcc | 1.0-1 | 193.35 | NOTE | |||
r-devel-windows-x86_64 | 1.0-1 | 45.00 | 174.00 | 219.00 | NOTE | |
r-patched-linux-x86_64 | 1.0-1 | 22.04 | 136.72 | 158.76 | OK | |
r-release-linux-x86_64 | 1.0-1 | 12.55 | 135.42 | 147.97 | OK | |
r-release-macos-arm64 | 1.0-1 | 58.00 | OK | |||
r-release-macos-x86_64 | 1.0-1 | 88.00 | OK | |||
r-release-windows-x86_64 | 1.0-1 | 39.00 | 173.00 | 212.00 | OK | |
r-oldrel-macos-arm64 | 1.0-1 | 59.00 | OK | |||
r-oldrel-macos-x86_64 | 1.0-1 | 67.00 | OK | |||
r-oldrel-windows-ix86+x86_64 | 1.0-1 | 39.00 | 156.00 | 195.00 | OK |
Version: 1.0-1
Check: package subdirectories
Result: NOTE
Problems with news in ‘NEWS.md’:
No news entries found.
Flavors: r-devel-linux-x86_64-debian-clang, r-devel-linux-x86_64-debian-gcc, r-devel-linux-x86_64-fedora-clang, r-devel-linux-x86_64-fedora-gcc, r-devel-windows-x86_64