CRAN Package Check Results for Package PSAboot

Last updated on 2024-06-13 06:58:13 CEST.

Flavor Version Tinstall Tcheck Ttotal Status Flags
r-devel-linux-x86_64-debian-clang 1.3.8 18.58 281.22 299.80 OK
r-devel-linux-x86_64-debian-gcc 1.3.8 0.71 1.82 2.53 ERROR
r-devel-linux-x86_64-fedora-clang 1.3.8 404.52 NOTE
r-devel-linux-x86_64-fedora-gcc 1.3.8 377.18 NOTE
r-devel-windows-x86_64 1.3.8 16.00 190.00 206.00 NOTE
r-patched-linux-x86_64 1.3.8 21.91 270.55 292.46 OK
r-release-linux-x86_64 1.3.8 17.42 273.70 291.12 OK
r-release-macos-arm64 1.3.8 82.00 NOTE
r-release-macos-x86_64 1.3.8 124.00 NOTE
r-release-windows-x86_64 1.3.8 15.00 192.00 207.00 NOTE
r-oldrel-macos-arm64 1.3.8 82.00 NOTE
r-oldrel-macos-x86_64 1.3.8 142.00 NOTE
r-oldrel-windows-x86_64 1.3.8 21.00 251.00 272.00 NOTE

Check Details

Version: 1.3.8
Check: package dependencies
Result: ERROR Packages required but not available: 'ggplot2', 'ggthemes', 'reshape2', 'TriMatch' See section ‘The DESCRIPTION file’ in the ‘Writing R Extensions’ manual. Flavor: r-devel-linux-x86_64-debian-gcc

Version: 1.3.8
Check: installed package size
Result: NOTE installed size is 6.3Mb sub-directories of 1Mb or more: doc 5.6Mb Flavors: r-devel-linux-x86_64-fedora-clang, r-devel-windows-x86_64, r-release-macos-arm64, r-release-macos-x86_64, r-release-windows-x86_64, r-oldrel-macos-arm64, r-oldrel-macos-x86_64, r-oldrel-windows-x86_64

Version: 1.3.8
Check: data for non-ASCII characters
Result: NOTE Note: found 4 marked UTF-8 strings Flavors: r-devel-linux-x86_64-fedora-clang, r-devel-linux-x86_64-fedora-gcc