CRAN Package Check Results for Package PTE

Last updated on 2020-03-30 02:48:40 CEST.

Flavor Version Tinstall Tcheck Ttotal Status Flags
r-devel-linux-x86_64-debian-clang 1.7 OK
r-devel-linux-x86_64-debian-gcc 1.7 6.25 45.80 52.05 OK
r-devel-linux-x86_64-fedora-clang 1.7 79.32 NOTE
r-devel-linux-x86_64-fedora-gcc 1.7 77.75 NOTE
r-devel-windows-ix86+x86_64 1.7 17.00 64.00 81.00 OK
r-devel-windows-ix86+x86_64-gcc8 1.7 16.00 64.00 80.00 OK
r-patched-linux-x86_64 1.7 6.68 57.25 63.93 OK
r-patched-solaris-x86 1.7 123.10 NOTE
r-release-linux-x86_64 1.7 7.39 52.15 59.54 OK
r-release-windows-ix86+x86_64 1.7 18.00 91.00 109.00 OK
r-release-osx-x86_64 1.7 NOTE
r-oldrel-windows-ix86+x86_64 1.7 11.00 93.00 104.00 OK
r-oldrel-osx-x86_64 1.7 NOTE

Check Details

Version: 1.7
Check: dependencies in R code
Result: NOTE
    Namespace in Imports field not imported from: ‘grDevices’
     All declared Imports should be used.
Flavors: r-devel-linux-x86_64-fedora-clang, r-devel-linux-x86_64-fedora-gcc, r-patched-solaris-x86, r-release-osx-x86_64, r-oldrel-osx-x86_64