CRAN Package Check Results for Package PakPMICS2018hh

Last updated on 2024-04-19 20:56:46 CEST.

Flavor Version Tinstall Tcheck Ttotal Status Flags
r-devel-linux-x86_64-debian-clang 0.1.0 8.40 49.66 58.06 NOTE
r-devel-linux-x86_64-debian-gcc 0.1.0 NOTE
r-devel-linux-x86_64-fedora-clang 0.1.0 75.75 NOTE
r-devel-linux-x86_64-fedora-gcc 0.1.0 82.70 NOTE
r-prerel-macos-arm64 0.1.0 32.00 NOTE
r-prerel-windows-x86_64 0.1.0 10.00 65.00 75.00 NOTE
r-patched-linux-x86_64 0.1.0 8.13 48.32 56.45 NOTE
r-release-linux-x86_64 0.1.0 8.56 46.19 54.75 OK
r-release-macos-arm64 0.1.0 34.00 OK
r-release-macos-x86_64 0.1.0 50.00 NOTE
r-release-windows-x86_64 0.1.0 13.00 61.00 74.00 OK
r-oldrel-macos-arm64 0.1.0 26.00 OK
r-oldrel-windows-x86_64 0.1.0 13.00 67.00 80.00 OK

Check Details

Version: 0.1.0
Check: Rd files
Result: NOTE checkRd: (-1) PakPMICS2018hh.Rd:362: Lost braces in \enumerate; meant \describe ? checkRd: (-1) PakPMICS2018hh.Rd:363: Lost braces in \enumerate; meant \describe ? Flavors: r-devel-linux-x86_64-debian-clang, r-devel-linux-x86_64-debian-gcc, r-devel-linux-x86_64-fedora-clang, r-devel-linux-x86_64-fedora-gcc, r-prerel-macos-arm64, r-prerel-windows-x86_64, r-patched-linux-x86_64

Version: 0.1.0
Check: installed package size
Result: NOTE installed size is 5.7Mb sub-directories of 1Mb or more: data 5.1Mb Flavors: r-prerel-macos-arm64, r-release-macos-x86_64