Last updated on 2021-01-16 00:47:39 CET.
Flavor | Version | Tinstall | Tcheck | Ttotal | Status | Flags |
---|---|---|---|---|---|---|
r-devel-linux-x86_64-debian-clang | 0.1.0 | 5.42 | 36.86 | 42.28 | OK | |
r-devel-linux-x86_64-debian-gcc | 0.1.0 | 4.74 | 29.03 | 33.77 | OK | |
r-devel-linux-x86_64-fedora-clang | 0.1.0 | 63.17 | NOTE | |||
r-devel-linux-x86_64-fedora-gcc | 0.1.0 | 52.73 | NOTE | |||
r-devel-windows-ix86+x86_64 | 0.1.0 | 10.00 | 44.00 | 54.00 | OK | |
r-patched-linux-x86_64 | 0.1.0 | 5.70 | 35.30 | 41.00 | OK | |
r-patched-solaris-x86 | 0.1.0 | 85.40 | NOTE | |||
r-release-linux-x86_64 | 0.1.0 | 6.80 | 35.23 | 42.03 | OK | |
r-release-macos-x86_64 | 0.1.0 | NOTE | ||||
r-release-windows-ix86+x86_64 | 0.1.0 | 11.00 | 41.00 | 52.00 | OK | |
r-oldrel-macos-x86_64 | 0.1.0 | NOTE | ||||
r-oldrel-windows-ix86+x86_64 | 0.1.0 | 8.00 | 40.00 | 48.00 | OK |
Version: 0.1.0
Check: data for non-ASCII characters
Result: NOTE
Note: found 4 marked UTF-8 strings
Flavors: r-devel-linux-x86_64-fedora-clang, r-devel-linux-x86_64-fedora-gcc, r-patched-solaris-x86, r-release-macos-x86_64, r-oldrel-macos-x86_64