CRAN Package Check Results for Package Patterns

Last updated on 2021-04-20 01:47:14 CEST.

Flavor Version Tinstall Tcheck Ttotal Status Flags
r-devel-linux-x86_64-debian-clang 1.3 12.99 150.80 163.79 OK
r-devel-linux-x86_64-debian-gcc 1.3 10.27 116.09 126.36 OK
r-devel-linux-x86_64-fedora-clang 1.3 200.93 NOTE
r-devel-linux-x86_64-fedora-gcc 1.3 191.50 NOTE
r-devel-windows-ix86+x86_64 1.3 22.00 147.00 169.00 OK
r-devel-windows-x86_64-gcc10-UCRT 1.3 NOTE
r-patched-linux-x86_64 1.3 14.32 136.71 151.03 OK
r-patched-solaris-x86 1.3 294.80 NOTE
r-release-linux-x86_64 1.3 13.74 136.20 149.94 OK
r-release-macos-x86_64 1.3 ERROR
r-release-windows-ix86+x86_64 1.3 30.00 156.00 186.00 OK
r-oldrel-macos-x86_64 1.3 ERROR
r-oldrel-windows-ix86+x86_64 1.3 16.00 182.00 198.00 OK

Check Details

Version: 1.3
Check: dependencies in R code
Result: NOTE
    Namespaces in Imports field not imported from:
     ‘KernSmooth’ ‘Mfuzz’ ‘SelectBoost’ ‘gplots’ ‘grid’ ‘jetset’ ‘magic’
     ‘msgps’ ‘splines’ ‘stats4’ ‘survival’
     All declared Imports should be used.
Flavors: r-devel-linux-x86_64-fedora-clang, r-devel-linux-x86_64-fedora-gcc, r-devel-windows-x86_64-gcc10-UCRT, r-patched-solaris-x86

Version: 1.3
Check: package dependencies
Result: ERROR
    Package required but not available: ‘Mfuzz’
    
    See section ‘The DESCRIPTION file’ in the ‘Writing R Extensions’
    manual.
Flavor: r-release-macos-x86_64

Version: 1.3
Check: package dependencies
Result: ERROR
    Packages required but not available: 'jetset', 'Mfuzz', 'WGCNA'
    
    See section ‘The DESCRIPTION file’ in the ‘Writing R Extensions’
    manual.
Flavor: r-oldrel-macos-x86_64