CRAN Package Check Results for Package PerMallows

Last updated on 2021-12-06 00:48:37 CET.

Flavor Version Tinstall Tcheck Ttotal Status Flags
r-devel-linux-x86_64-debian-clang 1.13 21.89 41.10 62.99 NOTE
r-devel-linux-x86_64-debian-gcc 1.13 13.66 32.76 46.42 NOTE
r-devel-linux-x86_64-fedora-clang 1.13 93.51 NOTE
r-devel-linux-x86_64-fedora-gcc 1.13 66.06 NOTE
r-devel-windows-x86_64-new-UL 1.13 38.00 96.00 134.00 OK
r-devel-windows-x86_64-new-TK 1.13 OK
r-devel-windows-x86_64-old 1.13 29.00 49.00 78.00 OK
r-patched-linux-x86_64 1.13 18.84 32.39 51.23 NOTE
r-release-linux-x86_64 1.13 19.11 40.07 59.18 NOTE
r-release-macos-arm64 1.13 OK
r-release-macos-x86_64 1.13 OK
r-release-windows-ix86+x86_64 1.13 55.00 77.00 132.00 OK
r-oldrel-macos-x86_64 1.13 OK
r-oldrel-windows-ix86+x86_64 1.13 67.00 74.00 141.00 OK

Additional issues

rchk

Check Details

Version: 1.13
Check: for non-standard things in the check directory
Result: NOTE
    Found the following files/directories:
     'permus_per_dist_4' 'permus_per_shape_bin_4_0'
     'permus_per_shape_bin_4_1' 'permus_per_shape_bin_4_2'
     'permus_per_shape_bin_4_3'
Flavors: r-devel-linux-x86_64-debian-clang, r-devel-linux-x86_64-debian-gcc, r-devel-linux-x86_64-fedora-clang, r-devel-linux-x86_64-fedora-gcc, r-patched-linux-x86_64, r-release-linux-x86_64