CRAN Package Check Results for Package PerformanceAnalytics

Last updated on 2020-09-23 04:00:06 CEST.

Flavor Version Tinstall Tcheck Ttotal Status Flags
r-devel-linux-x86_64-debian-clang 2.0.4 27.18 340.91 368.09 OK
r-devel-linux-x86_64-debian-gcc 2.0.4 21.01 255.59 276.60 OK
r-devel-linux-x86_64-fedora-clang 2.0.4 439.20 NOTE
r-devel-linux-x86_64-fedora-gcc 2.0.4 435.29 OK
r-devel-windows-ix86+x86_64 2.0.4 47.00 270.00 317.00 OK --no-vignettes
r-patched-linux-x86_64 2.0.4 23.99 330.46 354.45 OK
r-patched-solaris-x86 2.0.4 624.10 OK
r-release-linux-x86_64 2.0.4 23.76 330.74 354.50 OK
r-release-macos-x86_64 2.0.4 OK
r-release-windows-ix86+x86_64 2.0.4 39.00 362.00 401.00 OK --no-vignettes
r-oldrel-macos-x86_64 2.0.4 OK
r-oldrel-windows-ix86+x86_64 2.0.4 32.00 338.00 370.00 OK --no-vignettes

Additional issues

noLD

Check Details

Version: 2.0.4
Check: Rd cross-references
Result: NOTE
    Undeclared packages ‘timeSeries’, ‘tseries’, ‘car’, ‘gplots’ in Rd xrefs
Flavor: r-devel-linux-x86_64-fedora-clang