CRAN Package Check Results for Package PhitestR

Last updated on 2021-12-06 00:48:37 CET.

Flavor Version Tinstall Tcheck Ttotal Status Flags
r-devel-linux-x86_64-debian-clang 0.1.0 16.82 153.56 170.38 OK
r-devel-linux-x86_64-debian-gcc 0.1.0 15.19 116.19 131.38 OK
r-devel-linux-x86_64-fedora-clang 0.1.0 211.38 OK
r-devel-linux-x86_64-fedora-gcc 0.1.0 211.70 OK
r-devel-windows-x86_64-new-UL 0.1.0 33.00 192.00 225.00 OK
r-devel-windows-x86_64-new-TK 0.1.0 OK
r-devel-windows-x86_64-old 0.1.0 28.00 124.00 152.00 OK
r-patched-linux-x86_64 0.1.0 16.11 135.34 151.45 OK
r-release-linux-x86_64 0.1.0 12.80 144.00 156.80 OK
r-release-macos-arm64 0.1.0 OK
r-release-macos-x86_64 0.1.0 OK
r-release-windows-ix86+x86_64 0.1.0 45.00 177.00 222.00 OK
r-oldrel-macos-x86_64 0.1.0 OK
r-oldrel-windows-ix86+x86_64 0.1.0 6.00 8.00 14.00 ERROR

Check Details

Version: 0.1.0
Check: whether package can be installed
Result: ERROR
    Installation failed.
Flavor: r-oldrel-windows-ix86+x86_64