CRAN Package Check Results for Package PhyloMeasures

Last updated on 2020-08-09 01:48:36 CEST.

Flavor Version Tinstall Tcheck Ttotal Status Flags
r-devel-linux-x86_64-debian-clang 2.1 63.27 41.58 104.85 OK
r-devel-linux-x86_64-debian-gcc 2.1 51.52 33.76 85.28 OK
r-devel-linux-x86_64-fedora-clang 2.1 137.60 NOTE
r-devel-linux-x86_64-fedora-gcc 2.1 135.10 NOTE
r-devel-windows-ix86+x86_64 2.1 109.00 110.00 219.00 OK
r-patched-linux-x86_64 2.1 57.05 42.56 99.61 OK
r-patched-solaris-x86 2.1 199.40 OK
r-release-linux-x86_64 2.1 60.20 42.80 103.00 OK
r-release-macos-x86_64 2.1 NOTE
r-release-windows-ix86+x86_64 2.1 104.00 79.00 183.00 OK
r-oldrel-macos-x86_64 2.1 NOTE
r-oldrel-windows-ix86+x86_64 2.1 79.00 88.00 167.00 OK

Additional issues

gcc-UBSAN

Check Details

Version: 2.1
Check: installed package size
Result: NOTE
     installed size is 12.7Mb
     sub-directories of 1Mb or more:
     libs 12.4Mb
Flavors: r-devel-linux-x86_64-fedora-clang, r-release-macos-x86_64, r-oldrel-macos-x86_64

Version: 2.1
Check: compiled code
Result: NOTE
    File ‘PhyloMeasures/libs/PhyloMeasures.so’:
     Found no calls to: ‘R_registerRoutines’, ‘R_useDynamicSymbols’
    
    It is good practice to register native routines and to disable symbol
    search.
    
    See ‘Writing portable packages’ in the ‘Writing R Extensions’ manual.
Flavors: r-devel-linux-x86_64-fedora-clang, r-devel-linux-x86_64-fedora-gcc