CRAN Package Check Results for Package Pijavski

Last updated on 2019-12-06 00:50:04 CET.

Flavor Version Tinstall Tcheck Ttotal Status Flags
r-devel-linux-x86_64-debian-clang 1.0 17.28 21.79 39.07 NOTE
r-devel-linux-x86_64-debian-gcc 1.0 10.16 17.75 27.91 NOTE
r-devel-linux-x86_64-fedora-clang 1.0 50.77 NOTE
r-devel-linux-x86_64-fedora-gcc 1.0 46.63 NOTE
r-devel-windows-ix86+x86_64 1.0 39.00 51.00 90.00 NOTE
r-devel-windows-ix86+x86_64-gcc8 1.0 41.00 54.00 95.00 NOTE
r-patched-linux-x86_64 1.0 11.89 20.41 32.30 NOTE
r-patched-solaris-x86 1.0 60.70 OK
r-release-linux-x86_64 1.0 11.64 20.31 31.95 NOTE
r-release-windows-ix86+x86_64 1.0 44.00 53.00 97.00 NOTE
r-release-osx-x86_64 1.0 OK
r-oldrel-windows-ix86+x86_64 1.0 30.00 77.00 107.00 NOTE
r-oldrel-osx-x86_64 1.0 OK

Additional issues

rchk

Check Details

Version: 1.0
Check: pragmas in C/C++ headers and code
Result: NOTE
    File which contains pragma(s) suppressing diagnostics:
     'src/pijavski.cpp'
Flavors: r-devel-linux-x86_64-debian-clang, r-devel-linux-x86_64-debian-gcc, r-devel-linux-x86_64-fedora-clang, r-devel-linux-x86_64-fedora-gcc, r-devel-windows-ix86+x86_64, r-devel-windows-ix86+x86_64-gcc8, r-patched-linux-x86_64, r-release-linux-x86_64, r-release-windows-ix86+x86_64, r-oldrel-windows-ix86+x86_64

Version: 1.0
Check: compiled code
Result: NOTE
    File ‘Pijavski/libs/Pijavski.so’:
     Found no calls to: ‘R_registerRoutines’, ‘R_useDynamicSymbols’
    
    It is good practice to register native routines and to disable symbol
    search.
    
    See ‘Writing portable packages’ in the ‘Writing R Extensions’ manual.
Flavors: r-devel-linux-x86_64-fedora-clang, r-devel-linux-x86_64-fedora-gcc