CRAN Package Check Results for Package Pijavski

Last updated on 2020-07-09 01:57:47 CEST.

Flavor Version Tinstall Tcheck Ttotal Status Flags
r-devel-linux-x86_64-debian-clang 1.0 17.46 22.28 39.74 NOTE
r-devel-linux-x86_64-debian-gcc 1.0 13.35 18.24 31.59 NOTE
r-devel-linux-x86_64-fedora-clang 1.0 62.85 NOTE
r-devel-linux-x86_64-fedora-gcc 1.0 49.19 NOTE
r-devel-windows-ix86+x86_64 1.0 38.00 75.00 113.00 NOTE
r-patched-linux-x86_64 1.0 13.73 22.28 36.01 NOTE
r-patched-solaris-x86 1.0 64.10 OK
r-release-linux-x86_64 1.0 13.24 22.15 35.39 NOTE
r-release-osx-x86_64 1.0 OK
r-release-windows-ix86+x86_64 1.0 32.00 78.00 110.00 NOTE
r-oldrel-osx-x86_64 1.0 OK
r-oldrel-windows-ix86+x86_64 1.0 35.00 77.00 112.00 NOTE

Additional issues

rchk

Check Details

Version: 1.0
Check: pragmas in C/C++ headers and code
Result: NOTE
    File which contains pragma(s) suppressing diagnostics:
     'src/pijavski.cpp'
Flavors: r-devel-linux-x86_64-debian-clang, r-devel-linux-x86_64-debian-gcc, r-devel-linux-x86_64-fedora-clang, r-devel-linux-x86_64-fedora-gcc, r-devel-windows-ix86+x86_64, r-patched-linux-x86_64, r-release-linux-x86_64, r-release-windows-ix86+x86_64, r-oldrel-windows-ix86+x86_64

Version: 1.0
Check: compiled code
Result: NOTE
    File ‘Pijavski/libs/Pijavski.so’:
     Found no calls to: ‘R_registerRoutines’, ‘R_useDynamicSymbols’
    
    It is good practice to register native routines and to disable symbol
    search.
    
    See ‘Writing portable packages’ in the ‘Writing R Extensions’ manual.
Flavors: r-devel-linux-x86_64-fedora-clang, r-devel-linux-x86_64-fedora-gcc