Last updated on 2022-06-27 01:49:59 CEST.
Flavor | Version | Tinstall | Tcheck | Ttotal | Status | Flags |
---|---|---|---|---|---|---|
r-devel-linux-x86_64-debian-clang | 0.4.1 | 20.17 | 422.65 | 442.82 | OK | |
r-devel-linux-x86_64-debian-gcc | 0.4.1 | 17.53 | 290.36 | 307.89 | OK | |
r-devel-linux-x86_64-fedora-clang | 0.4.1 | 502.89 | OK | |||
r-devel-linux-x86_64-fedora-gcc | 0.4.1 | 521.79 | OK | |||
r-devel-windows-x86_64 | 0.4.1 | 97.00 | 451.00 | 548.00 | OK | |
r-patched-linux-x86_64 | 0.4.1 | 24.63 | 396.82 | 421.45 | OK | |
r-release-linux-x86_64 | 0.4.1 | 19.28 | 402.48 | 421.76 | OK | |
r-release-macos-arm64 | 0.4.1 | 119.00 | NOTE | |||
r-release-macos-x86_64 | 0.4.1 | 163.00 | OK | |||
r-release-windows-x86_64 | 0.4.1 | 88.00 | 413.00 | 501.00 | OK | |
r-oldrel-macos-arm64 | 0.4.1 | 170.00 | NOTE | |||
r-oldrel-macos-x86_64 | 0.4.1 | 170.00 | OK | |||
r-oldrel-windows-ix86+x86_64 | 0.4.1 | 41.00 | 499.00 | 540.00 | OK |
Version: 0.4.1
Check: package dependencies
Result: NOTE
Package suggested but not available for checking: ‘BiocStyle’
Flavors: r-release-macos-arm64, r-oldrel-macos-arm64